{"id":515,"date":"2022-10-06T14:29:45","date_gmt":"2022-10-06T11:29:45","guid":{"rendered":"https:\/\/eettinenluksus.fi\/shop2022\/?post_type=product&#038;p=515"},"modified":"2024-02-09T09:46:56","modified_gmt":"2024-02-09T07:46:56","slug":"mreco-kitchen-care-tuotepaketti","status":"publish","type":"product","link":"https:\/\/eettinenluksus.fi\/shop\/tuote\/mreco-kitchen-care-tuotepaketti\/","title":{"rendered":"MrEco Kitchen Care -tuotepaketti"},"content":{"rendered":"<p style=\"font-size:0px;\">MrEco Kitchen Care -tuotepaketti: Luonnon raaka-aineista valmistetuilla siivousv\u00e4lineill\u00e4 kodin siivoaminen k\u00e4y ekologisesti ja k\u00e4tev\u00e4sti.<\/p>\n<p>MrEco Kitchen Care -tuotepaketti sis\u00e4lt\u00e4\u00e4 joka kodin unelmatuotteet niin keitti\u00f6n kuin kylpyhuoneenkin puhdistamiseen. Astioiden peseminen ja ruokaj\u00e4\u00e4mien puhdistaminen liedelt\u00e4, kaakeleista ja ty\u00f6p\u00f6ydilt\u00e4 k\u00e4y ekologisesti ja nopeasti. Kest\u00e4v\u00e4t hankaussienet on valmistettu muovittomasta tai kierr\u00e4tetyst\u00e4 materiaalista.<\/p>\n<p><b>MrEco Hankaussieniliina 2-puol 18x13cm:<\/b><br \/>Valmis\u00adtettu kasvi\u00adpohjai\u00adsesta sellu\u00adloosasta ja kier\u00adr\u00e4te\u00adtyist\u00e4 sisal- ja PET-\u00adkuiduista. Hyvin imu\u00adkykyi\u00adnen sellu\u00adloosa\u00adsieni on ihan\u00adteel\u00adlinen hel\u00adl\u00e4\u00e4n puh\u00addis\u00adtuk\u00adseen, kun taas naar\u00admut\u00adtama\u00adton kuitu\u00adpinta puh\u00addis\u00adtaa laa\u00adtoi\u00adtetut pin\u00adnat ja keit\u00adti\u00f6n ty\u00f6\u00adtasot. Moni\u00adk\u00e4yt\u00adt\u00f6inen, ihan\u00adteel\u00adlinen keit\u00adti\u00f6ss\u00e4 ja kylpy\u00adhuo\u00adneessa.<\/p>\n<p><b>MrEco Hankaussieni 2-puol sisal\/sellu 10x7cm 2kpl:<\/b><br \/>Val\u00admis\u00adtettu kasvi\u00adpoh\u00adjai\u00adsesta sellu\u00adloo\u00adsasta ja kier\u00adr\u00e4\u00adte\u00adtyist\u00e4 sisal\u00adkuiduista. Hyvin imu\u00adkykyi\u00adnen sellu\u00adloo\u00adsa\u00ad\u00adsieni on ihan\u00adteel\u00adlinen hell\u00e4\u00e4n puh\u00addis\u00adtuk\u00adseen, kun taas kuitu\u00adpuoli sopii pannu\u00adjen ja katti\u00adloi\u00adden tehok\u00adkaa\u00adseen han\u00adkauk\u00adseen naar\u00admut\u00adta\u00admatta. Moni\u00adk\u00e4yt\u00adt\u00f6i\u00adnen, ihan\u00adteel\u00adli\u00adnen keit\u00adti\u00ad\u00f6\u00adss\u00e4 ja kylpy\u00adhuo\u00adneessa.<\/p>\n<p><b>MrEco Hankaussieni 2-puol karkea 10x7cm 2kpl:<\/b><br \/>Valmis\u00adtettu kasvi\u00adpohjai\u00adsesta sellu\u00adloo\u00adsasta ja kier\u00adr\u00e4\u00adte\u00adtyis\u00adt\u00e4 sisal- ja PET-\u00adkuiduista. Hyvin imu\u00adkykyi\u00adnen sellu\u00adloosa\u00adsieni on ihan\u00adteel\u00adlinen hell\u00e4\u00e4n puh\u00addis\u00adtuk\u00adseen, kun taas kuitupuoli puh\u00addis\u00adtaa perus\u00adteel\u00adlisesti kaikkein pint\u00adty\u00adneim\u00adm\u00e4tkin pinnat. Moni\u00adk\u00e4ytt\u00f6inen, ihan\u00adteel\u00adlinen keit\u00adti\u00ad\u00f6ss\u00e4 ja kylpy\u00adhuo\u00adnees\u00adsa.<\/p>\n<\/p>\n<p><b>MrEco Hankausker\u00e4 ruostumaton ter\u00e4s 2kpl:<\/b><br \/>Valmistettu 100% ruostumattomasta ter\u00e4ksest\u00e4. Sopii astioiden pesuun ja erityisesti pinttyneen lian ja rasvan poistamiseen kattiloista, padoista, uuniritil\u00f6ist\u00e4 ja grilleist\u00e4. 100% kierr\u00e4tett\u00e4v\u00e4, puhdistaa jopa ilman pesuainetta, ei ruostu eik\u00e4 ker\u00e4\u00e4 hajua.<\/p>\n<p><b>MrEco Hankausliina vahva 15x13cm 2kpl:<\/b><br \/>Monik\u00e4ytt\u00f6inen ja kest\u00e4v\u00e4 hankausliina on val\u00admis\u00adtettu kier\u00adr\u00e4\u00adte\u00adtyis\u00adt\u00e4 sisal- ja PET-\u00adkuiduista. Puh\u00addis\u00adtaa vai\u00adkeim\u00adman\u00adkin lian vauri\u00adoit\u00adta\u00admatta pintoja. Eritt\u00e4in kest\u00e4v\u00e4, ei j\u00e4t\u00e4 j\u00e4\u00e4mi\u00e4. Ihanteellinen valinta keitti\u00f6\u00f6n ja kylpyhuoneeseen.<\/p>\n<p>Lue lis&auml;&auml; <a href=\"https:\/\/eettinenluksus.fi\/mreco\" target=\"_blank\" rel=\"noopener noreferrer\">eettinenluksus.fi\/mreco<\/a><\/p>\n<h2 style=\"font-size:0px;\">MrEco Kitchen Care -tuotepaketti<\/h2>\n<p style=\"font-size:0px;\"><a href=\"https:\/\/onxon.fi\/\"><span style=\"font-size:0px;\">&#8211;<\/span><\/a><\/p>\n<ul>\n<li><\/li>\n<li><\/li>\n<\/ul>\n<p style=\"font-size:0px;\">MrEco Kitchen Care -tuotepaketti Astianpesu, kaakelit, ekologinen, ty\u00f6p\u00f6yd\u00e4t, hankaussieni, hankausker\u00e4, hankausliina, ekologinen, ymp\u00e4rist\u00f6yst\u00e4v\u00e4llinen. Astianpesu, kaakelit, ekologinen, ty\u00f6p\u00f6yd\u00e4t, hankaussieni, hankausker\u00e4, hankausliina, ekologinen, ymp\u00e4rist\u00f6yst\u00e4v\u00e4llinen. Astianpesu, kaakelit, ekologinen, ty\u00f6p\u00f6yd\u00e4t, hankaussieni, hankausker\u00e4, hankausliina, ekologinen, ymp\u00e4rist\u00f6yst\u00e4v\u00e4llinen. Astianpesu, kaakelit, ekologinen, ty\u00f6p\u00f6yd\u00e4t, hankaussieni, hankausker\u00e4, hankausliina, ekologinen, ymp\u00e4rist\u00f6yst\u00e4v\u00e4llinen. Astianpesu, kaakelit, ekologinen, ty\u00f6p\u00f6yd\u00e4t, hankaussieni, hankausker\u00e4, hankausliina, ekologinen, ymp\u00e4rist\u00f6yst\u00e4v\u00e4llinen. Astianpesu, kaakelit, ekologinen, ty\u00f6p\u00f6yd\u00e4t, hankaussieni, hankausker\u00e4, hankausliina, ekologinen, ymp\u00e4rist\u00f6yst\u00e4v\u00e4llinen. Astianpesu, kaakelit, ekologinen, ty\u00f6p\u00f6yd\u00e4t, hankaussieni, hankausker\u00e4, hankausliina, ekologinen, ymp\u00e4rist\u00f6yst\u00e4v\u00e4llinen. Luonnon raaka-aineista valmistetuilla siivousv\u00e4lineill\u00e4 kodin siivoaminen k\u00e4y ekologisesti ja k\u00e4tev\u00e4sti.<\/p>\n<p style=\"font-size:0px;\">Astianpesu, kaakelit, ekologinen, ty\u00f6p\u00f6yd\u00e4t, hankaussieni, hankausker\u00e4, hankausliina, ekologinen, ymp\u00e4rist\u00f6yst\u00e4v\u00e4llinen. Astianpesu, kaakelit, ekologinen, ty\u00f6p\u00f6yd\u00e4t, hankaussieni, hankausker\u00e4, hankausliina, ekologinen, ymp\u00e4rist\u00f6yst\u00e4v\u00e4llinen. Astianpesu, kaakelit, ekologinen, ty\u00f6p\u00f6yd\u00e4t, hankaussieni, hankausker\u00e4, hankausliina, ekologinen, ymp\u00e4rist\u00f6yst\u00e4v\u00e4llinen. <a href=\"https:\/\/eettinenluksus.fi\/shop\/tuote\/mreco-hankausliina-vahva-15x13cm-2kpl\/\"><span style=\"font-size:0px;\">&#8211;<\/span><\/a><a href=\"https:\/\/eettinenluksus.fi\/shop\/tuote\/mreco-hankauskera-ruostumaton-teras-2kpl\/\"><span style=\"font-size:0px;\">&#8211;<\/span><\/a><a href=\"https:\/\/eettinenluksus.fi\/shop\/tuote\/classic-clothing-care-tuotepaketti\/\"><span style=\"font-size:0px;\">&#8211;<\/span><\/a><a href=\"https:\/\/eettinenluksus.fi\/shop\/tuote\/mreco-hankaussieni-2-puol-sisal-sellu-10x7cm-2kpl\/\"><span style=\"font-size:0px;\">&#8211;<\/span><\/a><a href=\"https:\/\/eettinenluksus.fi\/shop\/tuote\/mreco-hankauskera-kupari-antibakt-2kpl\/\"><span style=\"font-size:0px;\">&#8211;<\/span><\/a><\/p>\n","protected":false},"excerpt":{"rendered":"<p>Joka kodin unelmatuotteet niin keitti\u00f6n kuin kylpyhuoneenkin puhdistamiseen.<\/p>\n<p>Astioiden peseminen ja ruokaj\u00e4\u00e4mien puhdistaminen liedelt\u00e4, kaakeleista ja ty\u00f6p\u00f6ydilt\u00e4 k\u00e4y ekologisesti ja nopeasti.<\/p>\n<p>Valmistettu muovittomasta tai kierr\u00e4tetyst\u00e4 materiaalista.<\/p>\n","protected":false},"featured_media":656,"template":"","meta":{"inline_featured_image":false},"product_brand":[],"product_cat":[48,33,36,34,49,56],"product_tag":[166,70,225,224,223,72,64,216,88,74],"class_list":{"0":"post-515","1":"product","2":"type-product","3":"status-publish","4":"has-post-thumbnail","6":"product_cat-astianpesu","7":"product_cat-mreco","8":"product_cat-mreco-astianpesu","9":"product_cat-mreco-tuotepaketit","10":"product_cat-siivous","11":"product_cat-tuotepaketit","12":"product_tag-astianpesu","13":"product_tag-ekologinen","14":"product_tag-hankauskera","15":"product_tag-hankaussieni","16":"product_tag-hankaussieniliina","17":"product_tag-keittio","18":"product_tag-mreco","19":"product_tag-pesusieni","20":"product_tag-siivous","21":"product_tag-tuotepaketti","23":"first","24":"instock","25":"taxable","26":"shipping-taxable","27":"purchasable","28":"product-type-variable"},"yoast_head":"<!-- This site is optimized with the Yoast SEO Premium plugin v26.8 (Yoast SEO v27.3) - https:\/\/yoast.com\/product\/yoast-seo-premium-wordpress\/ -->\n<title>MrEco Kitchen Care -tuotepaketti - Shop Eettinen Luksus<\/title>\n<meta name=\"description\" content=\"MrEco Kitchen Care -tuotepaketti: Luonnon raaka-aineista valmistetuilla siivousv\u00e4lineill\u00e4 kodin siivoaminen k\u00e4y ekologisesti ja k\u00e4tev\u00e4sti.\" \/>\n<meta name=\"robots\" content=\"index, follow, max-snippet:-1, max-image-preview:large, max-video-preview:-1\" \/>\n<link rel=\"canonical\" href=\"https:\/\/eettinenluksus.fi\/shop\/tuote\/mreco-kitchen-care-tuotepaketti\/\" \/>\n<meta property=\"og:locale\" content=\"fi_FI\" \/>\n<meta property=\"og:type\" content=\"article\" \/>\n<meta property=\"og:title\" content=\"MrEco Kitchen Care -tuotepaketti\" \/>\n<meta property=\"og:description\" content=\"MrEco Kitchen Care -tuotepaketti: Luonnon raaka-aineista valmistetuilla siivousv\u00e4lineill\u00e4 kodin siivoaminen k\u00e4y ekologisesti ja k\u00e4tev\u00e4sti.\" \/>\n<meta property=\"og:url\" content=\"https:\/\/eettinenluksus.fi\/shop\/tuote\/mreco-kitchen-care-tuotepaketti\/\" \/>\n<meta property=\"og:site_name\" content=\"Shop Eettinen Luksus\" \/>\n<meta property=\"article:publisher\" content=\"https:\/\/www.facebook.com\/eettinenluksus\" \/>\n<meta property=\"article:modified_time\" content=\"2024-02-09T07:46:56+00:00\" \/>\n<meta property=\"og:image\" content=\"https:\/\/eettinenluksus.fi\/shop\/wp-content\/uploads\/sites\/4\/1665\/65\/Kitchen-Care-Kit.jpg\" \/>\n\t<meta property=\"og:image:width\" content=\"600\" \/>\n\t<meta property=\"og:image:height\" content=\"600\" \/>\n\t<meta property=\"og:image:type\" content=\"image\/jpeg\" \/>\n<meta name=\"twitter:card\" content=\"summary_large_image\" \/>\n<meta name=\"twitter:label1\" content=\"Saatavuus\" \/>\n\t<meta name=\"twitter:data1\" content=\"Varastossa\" \/>\n<script type=\"application\/ld+json\" class=\"yoast-schema-graph\">{\"@context\":\"https:\\\/\\\/schema.org\",\"@graph\":[{\"@type\":\"WebPage\",\"@id\":\"https:\\\/\\\/eettinenluksus.fi\\\/shop\\\/en\\\/tuote\\\/mreco-kitchen-care-tuotepaketti\\\/\",\"url\":\"https:\\\/\\\/eettinenluksus.fi\\\/shop\\\/en\\\/tuote\\\/mreco-kitchen-care-tuotepaketti\\\/\",\"name\":\"MrEco Kitchen Care -tuotepaketti - Shop Eettinen Luksus\",\"isPartOf\":{\"@id\":\"https:\\\/\\\/eettinenluksus.fi\\\/shop\\\/#website\"},\"primaryImageOfPage\":{\"@id\":\"https:\\\/\\\/eettinenluksus.fi\\\/shop\\\/en\\\/tuote\\\/mreco-kitchen-care-tuotepaketti\\\/#primaryimage\"},\"image\":{\"@id\":\"https:\\\/\\\/eettinenluksus.fi\\\/shop\\\/en\\\/tuote\\\/mreco-kitchen-care-tuotepaketti\\\/#primaryimage\"},\"thumbnailUrl\":\"https:\\\/\\\/eettinenluksus.fi\\\/shop\\\/wp-content\\\/uploads\\\/sites\\\/4\\\/1665\\\/65\\\/Kitchen-Care-Kit.jpg\",\"datePublished\":\"2022-10-06T11:29:45+00:00\",\"dateModified\":\"2024-02-09T07:46:56+00:00\",\"description\":\"MrEco Kitchen Care -tuotepaketti: Luonnon raaka-aineista valmistetuilla siivousv\u00e4lineill\u00e4 kodin siivoaminen k\u00e4y ekologisesti ja k\u00e4tev\u00e4sti.\",\"breadcrumb\":{\"@id\":\"https:\\\/\\\/eettinenluksus.fi\\\/shop\\\/en\\\/tuote\\\/mreco-kitchen-care-tuotepaketti\\\/#breadcrumb\"},\"inLanguage\":\"fi\",\"potentialAction\":[{\"@type\":\"ReadAction\",\"target\":[\"https:\\\/\\\/eettinenluksus.fi\\\/shop\\\/en\\\/tuote\\\/mreco-kitchen-care-tuotepaketti\\\/\"]}]},{\"@type\":\"ImageObject\",\"inLanguage\":\"fi\",\"@id\":\"https:\\\/\\\/eettinenluksus.fi\\\/shop\\\/en\\\/tuote\\\/mreco-kitchen-care-tuotepaketti\\\/#primaryimage\",\"url\":\"https:\\\/\\\/eettinenluksus.fi\\\/shop\\\/wp-content\\\/uploads\\\/sites\\\/4\\\/1665\\\/65\\\/Kitchen-Care-Kit.jpg\",\"contentUrl\":\"https:\\\/\\\/eettinenluksus.fi\\\/shop\\\/wp-content\\\/uploads\\\/sites\\\/4\\\/1665\\\/65\\\/Kitchen-Care-Kit.jpg\",\"width\":600,\"height\":600,\"caption\":\"MrEco Kitchen Care -tuotepaketti: Luonnon raaka-aineista valmistetuilla siivousv\u00e4lineill\u00e4 kodin siivoaminen k\u00e4y ekologisesti ja k\u00e4tev\u00e4sti.\"},{\"@type\":\"BreadcrumbList\",\"@id\":\"https:\\\/\\\/eettinenluksus.fi\\\/shop\\\/en\\\/tuote\\\/mreco-kitchen-care-tuotepaketti\\\/#breadcrumb\",\"itemListElement\":[{\"@type\":\"ListItem\",\"position\":1,\"name\":\"Etusivu\",\"item\":\"https:\\\/\\\/eettinenluksus.fi\\\/shop\\\/\"},{\"@type\":\"ListItem\",\"position\":2,\"name\":\"Kauppa\",\"item\":\"https:\\\/\\\/eettinenluksus.fi\\\/shop\\\/en\\\/kauppa\\\/\"},{\"@type\":\"ListItem\",\"position\":3,\"name\":\"MrEco Kitchen Care -tuotepaketti\"}]},{\"@type\":\"WebSite\",\"@id\":\"https:\\\/\\\/eettinenluksus.fi\\\/shop\\\/#website\",\"url\":\"https:\\\/\\\/eettinenluksus.fi\\\/shop\\\/\",\"name\":\"Shop Eettinen Luksus\",\"description\":\"Uusi verkkokauppa\",\"publisher\":{\"@id\":\"https:\\\/\\\/eettinenluksus.fi\\\/shop\\\/#organization\"},\"potentialAction\":[{\"@type\":\"SearchAction\",\"target\":{\"@type\":\"EntryPoint\",\"urlTemplate\":\"https:\\\/\\\/eettinenluksus.fi\\\/shop\\\/?s={search_term_string}\"},\"query-input\":{\"@type\":\"PropertyValueSpecification\",\"valueRequired\":true,\"valueName\":\"search_term_string\"}}],\"inLanguage\":\"fi\"},{\"@type\":\"Organization\",\"@id\":\"https:\\\/\\\/eettinenluksus.fi\\\/shop\\\/#organization\",\"name\":\"Shop Eettinen Luksus\",\"url\":\"https:\\\/\\\/eettinenluksus.fi\\\/shop\\\/\",\"logo\":{\"@type\":\"ImageObject\",\"inLanguage\":\"fi\",\"@id\":\"https:\\\/\\\/eettinenluksus.fi\\\/shop\\\/#\\\/schema\\\/logo\\\/image\\\/\",\"url\":\"https:\\\/\\\/eettinenluksus.fi\\\/shop\\\/wp-content\\\/uploads\\\/sites\\\/4\\\/1664\\\/37\\\/cropped-ELO.jpg\",\"contentUrl\":\"https:\\\/\\\/eettinenluksus.fi\\\/shop\\\/wp-content\\\/uploads\\\/sites\\\/4\\\/1664\\\/37\\\/cropped-ELO.jpg\",\"width\":810,\"height\":350,\"caption\":\"Shop Eettinen Luksus\"},\"image\":{\"@id\":\"https:\\\/\\\/eettinenluksus.fi\\\/shop\\\/#\\\/schema\\\/logo\\\/image\\\/\"},\"sameAs\":[\"https:\\\/\\\/www.facebook.com\\\/eettinenluksus\",\"https:\\\/\\\/www.instagram.com\\\/eettinenluksus\\\/\"]}]}<\/script>\n<meta property=\"og:availability\" content=\"instock\" \/>\n<meta property=\"product:availability\" content=\"instock\" \/>\n<meta property=\"product:condition\" content=\"new\" \/>\n<!-- \/ Yoast SEO Premium plugin. -->","yoast_head_json":{"title":"MrEco Kitchen Care -tuotepaketti - Shop Eettinen Luksus","description":"MrEco Kitchen Care -tuotepaketti: Luonnon raaka-aineista valmistetuilla siivousv\u00e4lineill\u00e4 kodin siivoaminen k\u00e4y ekologisesti ja k\u00e4tev\u00e4sti.","robots":{"index":"index","follow":"follow","max-snippet":"max-snippet:-1","max-image-preview":"max-image-preview:large","max-video-preview":"max-video-preview:-1"},"canonical":"https:\/\/eettinenluksus.fi\/shop\/tuote\/mreco-kitchen-care-tuotepaketti\/","og_locale":"fi_FI","og_type":"article","og_title":"MrEco Kitchen Care -tuotepaketti","og_description":"MrEco Kitchen Care -tuotepaketti: Luonnon raaka-aineista valmistetuilla siivousv\u00e4lineill\u00e4 kodin siivoaminen k\u00e4y ekologisesti ja k\u00e4tev\u00e4sti.","og_url":"https:\/\/eettinenluksus.fi\/shop\/tuote\/mreco-kitchen-care-tuotepaketti\/","og_site_name":"Shop Eettinen Luksus","article_publisher":"https:\/\/www.facebook.com\/eettinenluksus","article_modified_time":"2024-02-09T07:46:56+00:00","og_image":[{"width":600,"height":600,"url":"https:\/\/eettinenluksus.fi\/shop\/wp-content\/uploads\/sites\/4\/1665\/65\/Kitchen-Care-Kit.jpg","type":"image\/jpeg"}],"twitter_card":"summary_large_image","twitter_misc":{"Saatavuus":"Varastossa"},"schema":{"@context":"https:\/\/schema.org","@graph":[{"@type":"WebPage","@id":"https:\/\/eettinenluksus.fi\/shop\/en\/tuote\/mreco-kitchen-care-tuotepaketti\/","url":"https:\/\/eettinenluksus.fi\/shop\/en\/tuote\/mreco-kitchen-care-tuotepaketti\/","name":"MrEco Kitchen Care -tuotepaketti - Shop Eettinen Luksus","isPartOf":{"@id":"https:\/\/eettinenluksus.fi\/shop\/#website"},"primaryImageOfPage":{"@id":"https:\/\/eettinenluksus.fi\/shop\/en\/tuote\/mreco-kitchen-care-tuotepaketti\/#primaryimage"},"image":{"@id":"https:\/\/eettinenluksus.fi\/shop\/en\/tuote\/mreco-kitchen-care-tuotepaketti\/#primaryimage"},"thumbnailUrl":"https:\/\/eettinenluksus.fi\/shop\/wp-content\/uploads\/sites\/4\/1665\/65\/Kitchen-Care-Kit.jpg","datePublished":"2022-10-06T11:29:45+00:00","dateModified":"2024-02-09T07:46:56+00:00","description":"MrEco Kitchen Care -tuotepaketti: Luonnon raaka-aineista valmistetuilla siivousv\u00e4lineill\u00e4 kodin siivoaminen k\u00e4y ekologisesti ja k\u00e4tev\u00e4sti.","breadcrumb":{"@id":"https:\/\/eettinenluksus.fi\/shop\/en\/tuote\/mreco-kitchen-care-tuotepaketti\/#breadcrumb"},"inLanguage":"fi","potentialAction":[{"@type":"ReadAction","target":["https:\/\/eettinenluksus.fi\/shop\/en\/tuote\/mreco-kitchen-care-tuotepaketti\/"]}]},{"@type":"ImageObject","inLanguage":"fi","@id":"https:\/\/eettinenluksus.fi\/shop\/en\/tuote\/mreco-kitchen-care-tuotepaketti\/#primaryimage","url":"https:\/\/eettinenluksus.fi\/shop\/wp-content\/uploads\/sites\/4\/1665\/65\/Kitchen-Care-Kit.jpg","contentUrl":"https:\/\/eettinenluksus.fi\/shop\/wp-content\/uploads\/sites\/4\/1665\/65\/Kitchen-Care-Kit.jpg","width":600,"height":600,"caption":"MrEco Kitchen Care -tuotepaketti: Luonnon raaka-aineista valmistetuilla siivousv\u00e4lineill\u00e4 kodin siivoaminen k\u00e4y ekologisesti ja k\u00e4tev\u00e4sti."},{"@type":"BreadcrumbList","@id":"https:\/\/eettinenluksus.fi\/shop\/en\/tuote\/mreco-kitchen-care-tuotepaketti\/#breadcrumb","itemListElement":[{"@type":"ListItem","position":1,"name":"Etusivu","item":"https:\/\/eettinenluksus.fi\/shop\/"},{"@type":"ListItem","position":2,"name":"Kauppa","item":"https:\/\/eettinenluksus.fi\/shop\/en\/kauppa\/"},{"@type":"ListItem","position":3,"name":"MrEco Kitchen Care -tuotepaketti"}]},{"@type":"WebSite","@id":"https:\/\/eettinenluksus.fi\/shop\/#website","url":"https:\/\/eettinenluksus.fi\/shop\/","name":"Shop Eettinen Luksus","description":"Uusi verkkokauppa","publisher":{"@id":"https:\/\/eettinenluksus.fi\/shop\/#organization"},"potentialAction":[{"@type":"SearchAction","target":{"@type":"EntryPoint","urlTemplate":"https:\/\/eettinenluksus.fi\/shop\/?s={search_term_string}"},"query-input":{"@type":"PropertyValueSpecification","valueRequired":true,"valueName":"search_term_string"}}],"inLanguage":"fi"},{"@type":"Organization","@id":"https:\/\/eettinenluksus.fi\/shop\/#organization","name":"Shop Eettinen Luksus","url":"https:\/\/eettinenluksus.fi\/shop\/","logo":{"@type":"ImageObject","inLanguage":"fi","@id":"https:\/\/eettinenluksus.fi\/shop\/#\/schema\/logo\/image\/","url":"https:\/\/eettinenluksus.fi\/shop\/wp-content\/uploads\/sites\/4\/1664\/37\/cropped-ELO.jpg","contentUrl":"https:\/\/eettinenluksus.fi\/shop\/wp-content\/uploads\/sites\/4\/1664\/37\/cropped-ELO.jpg","width":810,"height":350,"caption":"Shop Eettinen Luksus"},"image":{"@id":"https:\/\/eettinenluksus.fi\/shop\/#\/schema\/logo\/image\/"},"sameAs":["https:\/\/www.facebook.com\/eettinenluksus","https:\/\/www.instagram.com\/eettinenluksus\/"]}]},"og_availability":"instock","product_availability":"instock","product_condition":"new"},"_links":{"self":[{"href":"https:\/\/eettinenluksus.fi\/shop\/wp-json\/wp\/v2\/product\/515","targetHints":{"allow":["GET"]}}],"collection":[{"href":"https:\/\/eettinenluksus.fi\/shop\/wp-json\/wp\/v2\/product"}],"about":[{"href":"https:\/\/eettinenluksus.fi\/shop\/wp-json\/wp\/v2\/types\/product"}],"version-history":[{"count":9,"href":"https:\/\/eettinenluksus.fi\/shop\/wp-json\/wp\/v2\/product\/515\/revisions"}],"predecessor-version":[{"id":2819,"href":"https:\/\/eettinenluksus.fi\/shop\/wp-json\/wp\/v2\/product\/515\/revisions\/2819"}],"wp:featuredmedia":[{"embeddable":true,"href":"https:\/\/eettinenluksus.fi\/shop\/wp-json\/wp\/v2\/media\/656"}],"wp:attachment":[{"href":"https:\/\/eettinenluksus.fi\/shop\/wp-json\/wp\/v2\/media?parent=515"}],"wp:term":[{"taxonomy":"product_brand","embeddable":true,"href":"https:\/\/eettinenluksus.fi\/shop\/wp-json\/wp\/v2\/product_brand?post=515"},{"taxonomy":"product_cat","embeddable":true,"href":"https:\/\/eettinenluksus.fi\/shop\/wp-json\/wp\/v2\/product_cat?post=515"},{"taxonomy":"product_tag","embeddable":true,"href":"https:\/\/eettinenluksus.fi\/shop\/wp-json\/wp\/v2\/product_tag?post=515"}],"curies":[{"name":"wp","href":"https:\/\/api.w.org\/{rel}","templated":true}]}}