{"id":505,"date":"2022-10-06T14:12:21","date_gmt":"2022-10-06T11:12:21","guid":{"rendered":"https:\/\/eettinenluksus.fi\/shop2022\/?post_type=product&#038;p=505"},"modified":"2024-09-20T13:35:41","modified_gmt":"2024-09-20T10:35:41","slug":"mreco-hankaussieniliina-2-puol-18x13cm","status":"publish","type":"product","link":"https:\/\/eettinenluksus.fi\/shop\/tuote\/mreco-hankaussieniliina-2-puol-18x13cm\/","title":{"rendered":"MrEco Hankaussieniliina 2-puol 18x13cm"},"content":{"rendered":"<p style=\"font-size:0px;\">Monik\u00e4ytt\u00f6inen hyvin imu\u00adkykyi\u00adnen sellu\u00adloosa\u00adsieni Hell\u00e4\u00e4n ekologiseen puh\u00addis\u00adtuk\u00adseen Ei naarmuta Kasvipohjainen. MrEco Hankaussieniliina 2-puol 18x13cm<\/p>\n<p>MrEco Hankaussieniliina on valmis\u00adtettu kasvi\u00adpohjai\u00adsesta sellu\u00adloosasta ja kier\u00adr\u00e4te\u00adtyist\u00e4 sisal- ja PET-\u00adkuiduista. Hyvin imu\u00adkykyi\u00adnen sellu\u00adloosa\u00adsieni on ihan\u00adteel\u00adlinen hel\u00adl\u00e4\u00e4n puh\u00addis\u00adtuk\u00adseen, kun taas naar\u00admut\u00adtama\u00adton kuitu\u00adpinta puh\u00addis\u00adtaa laa\u00adtoi\u00adtetut pin\u00adnat ja keit\u00adti\u00f6n ty\u00f6\u00adtasot. Moni\u00adk\u00e4yt\u00adt\u00f6inen, ihan\u00adteel\u00adlinen keit\u00adti\u00f6ss\u00e4 ja kylpy\u00adhuo\u00adneessa.<\/p>\n<p>Lue lis&auml;&auml; <a href=\"https:\/\/eettinenluksus.fi\/mreco\" target=\"_blank\" rel=\"noopener noreferrer\">eettinenluksus.fi\/mreco<\/a><\/p>\n<p style=\"font-size:0px;\"><a href=\"https:\/\/onxon.fi\/\"><span style=\"font-size:0px;\">&#8211;<\/span><\/a> mreco hankaussieniliina 2-puol hankaussieniliina, puhdistus hankaussieniliina pesusieni kodinsiivous pesuaine. Hankaussieniliina, puhdistusaine ekologinen pesusieni astianpesusieni hankaussieniliina. Hankaussieniliina, siivous siivous pesusieni ymp\u00e4rist\u00f6yst\u00e4v\u00e4llinen hankaussieniliina. hankaussieniliina, pesuaine ymp\u00e4rist\u00f6yst\u00e4v\u00e4llinen pesusieni ekologinen ymp\u00e4rist\u00f6yst\u00e4v\u00e4llinen.<\/p>\n<p style=\"font-size:0px;\">ekologinen, puhdistus sisal pesusieni kodinsiivous ymp\u00e4rist\u00f6yst\u00e4v\u00e4llinen. hankaussieniliina, puhdistusaine sisal pesusieni astianpesusieni ekologinen. Hankaussieniliina, siivous siivous pesusieni ymp\u00e4rist\u00f6yst\u00e4v\u00e4llinen puhdistusaine. ymp\u00e4rist\u00f6yst\u00e4v\u00e4llinen, pesuaine siivous pesusieni ekologinen sisal. Hankaussieniliina, puhdistus astianpesusieni pesusieni kodinsiivous hankaussieniliina. Hankaussieniliina, puhdistusaine ymp\u00e4rist\u00f6yst\u00e4v\u00e4llinen pesusieni astianpesusieni siivous. Hankaussieniliina, puhdistus sisal pesusieni kodinsiivous hankaussieniliina. Hankaussieniliina, puhdistusaine sisal pesusieni astianpesusieni ymp\u00e4rist\u00f6yst\u00e4v\u00e4llinen. Siivous, siivous puhdistusaine pesusieni ymp\u00e4rist\u00f6yst\u00e4v\u00e4llinen puhdistusaine. Hankaussieniliina, pesuaine astianpesusieni pesusieni ekologinen hankaussieniliina.<\/p>\n<h2 style=\"font-size:0px;\">MrEco Hankaussieniliina 2-puol 18x13cm<\/h2>\n<p style=\"font-size:0px;\"><a href=\"https:\/\/www.facebook.com\/eettinenluksus\/\"><span style=\"font-size:0px;\">&#8211;<\/span><\/a><\/p>\n<p style=\"font-size:0px;\"><a href=\"https:\/\/www.instagram.com\/eettinenluksus\/\"><span style=\"font-size:0px;\">&#8211;<\/span><\/a> mreco hankaussieniliina 2-puol karkea hankaussieniliina, puhdistus ymp\u00e4rist\u00f6yst\u00e4v\u00e4llinen pesusieni kodinsiivous hankaussieniliina. Hankaussieniliina, puhdistusaine hankaussieniliina pesusieni astianpesusieni hankaussieniliina. hankaussieniliina, siivous hankaussieniliina pesusieni ymp\u00e4rist\u00f6yst\u00e4v\u00e4llinen pesuaine. Hankaussieniliina, pesuaine hankaussieniliina pesusieni ekologinen siivous. Hankaussieniliina, puhdistus astianpesusieni pesusieni kodinsiivous hankaussieniliina. Hankaussieniliina, puhdistusaine sisal pesusieni astianpesusieni siivous. Ekologinen, siivous pesuaine pesusieni ymp\u00e4rist\u00f6yst\u00e4v\u00e4llinen hankaussieniliina. ymp\u00e4rist\u00f6yst\u00e4v\u00e4llinen, pesuaine sisal pesusieni ekologinen ekologinen. Hankaussieniliina, puhdistus ekologinen pesusieni kodinsiivous pesuaine. Hankaussieniliina, puhdistusaine ymp\u00e4rist\u00f6yst\u00e4v\u00e4llinen pesusieni astianpesusieni ekologinen. Hankaussieniliina, puhdistus sisal pesusieni kodinsiivous hankaussieniliina.<\/p>\n<p style=\"font-size:0px;\">ymp\u00e4rist\u00f6yst\u00e4v\u00e4llinen, puhdistusaine ymp\u00e4rist\u00f6yst\u00e4v\u00e4llinen pesusieni astianpesusieni sisal. Ekologinen, siivous hankaussieniliina pesusieni ymp\u00e4rist\u00f6yst\u00e4v\u00e4llinen sisal. Monik\u00e4ytt\u00f6inen hyvin imu\u00adkykyi\u00adnen sellu\u00adloosa\u00adsieni Hell\u00e4\u00e4n ekologiseen puh\u00addis\u00adtuk\u00adseen Ei naarmuta Kasvipohjainen. Hankaussieniliina, pesuaine hankaussieniliina pesusieni ekologinen sisal.<\/p>\n<ul style=\"font-size:0px;\">\n<li><\/li>\n<li><\/li>\n<li><\/li>\n<\/ul>\n<p><a href=\"https:\/\/eettinenluksus.fi\/shop\/tuote\/mreco-hankaussieniliina-2-puol-sisal-sellu-10x7cm-2kpl\/\"><span style=\"font-size:0px;\">&#8211;<\/span><\/a><a href=\"https:\/\/eettinenluksus.fi\/shop\/tuote\/mreco-hankaussieni-2-puol-sisal-sellu-10x7cm-2kpl\/\"><span style=\"font-size:0px;\">&#8211;<\/span><\/a><a href=\"https:\/\/eettinenluksus.fi\/shop\/tuote\/onxon-pesusieni-5-kpl-pkt\/\"><span style=\"font-size:0px;\">&#8211;<\/span><\/a><a href=\"https:\/\/eettinenluksus.fi\/shop\/tuotemerkit\/onxon-pyykinpesu\/\"><span style=\"font-size:0px;\">&#8211;<\/span><\/a><a href=\"https:\/\/eettinenluksus.fi\/shop\/tuote\/mreco-kitchen-care-tuotepaketti\/\"><span style=\"font-size:0px;\">&#8211;<\/span><\/a><a href=\"https:\/\/eettinenluksus.fi\/shop\/tuote\/bambu-tuoksuva-pesusieni-bambusta\/\"><span style=\"font-size:0px;\">&#8211;<\/span><\/a><a href=\"https:\/\/eettinenluksus.fi\/shop\"><span style=\"font-size:0px;\">&#8211;<\/span><\/a><\/p>\n<p> <a href=\"https:\/\/eettinenluksus.fi\/shop\"><span style=\"font-size:0px;\">&#8211;<\/span><\/a><a href=\"https:\/\/eettinenluksus.fi\/shop\/tuote\/mreco-hankaussieni-2-puol-karkea-10x7cm-2kpl\/\"><span style=\"font-size:0px;\">&#8211;<\/span><\/a><\/p>\n","protected":false},"excerpt":{"rendered":"<p>Monik\u00e4ytt\u00f6inen kaksipuolinen hankaus\u00adsieniliina<\/p>\n<p>Hell\u00e4 puhdistus yhdistettyn\u00e4 naarmuttamattomaan kuitupuoleen<\/p>\n<p>Kasvi\u00adpohjai\u00adnen sellu\u00adloo\u00adsasieni ja hankaus kier\u00adr\u00e4\u00adtet\u00adty sisal-\u00adkuidusta<\/p>\n","protected":false},"featured_media":4095,"template":"","meta":{"inline_featured_image":false},"product_brand":[],"product_cat":[48,33,36,49],"product_tag":[166,70,224,223,64,232,88,228],"class_list":{"0":"post-505","1":"product","2":"type-product","3":"status-publish","4":"has-post-thumbnail","6":"product_cat-astianpesu","7":"product_cat-mreco","8":"product_cat-mreco-astianpesu","9":"product_cat-siivous","10":"product_tag-astianpesu","11":"product_tag-ekologinen","12":"product_tag-hankaussieni","13":"product_tag-hankaussieniliina","14":"product_tag-mreco","15":"product_tag-selluloosa","16":"product_tag-siivous","17":"product_tag-sisal","19":"first","20":"instock","21":"taxable","22":"shipping-taxable","23":"purchasable","24":"product-type-simple"},"yoast_head":"<!-- This site is optimized with the Yoast SEO Premium plugin v26.8 (Yoast SEO v27.3) - https:\/\/yoast.com\/product\/yoast-seo-premium-wordpress\/ -->\n<title>MrEco Hankaussieniliina 2-puol 18x13cm - Shop Eettinen Luksus<\/title>\n<meta name=\"description\" content=\"Monik\u00e4ytt\u00f6inen hyvin imu\u00adkykyi\u00adnen sellu\u00adloosa\u00adsieni Hell\u00e4\u00e4n ekologiseen puh\u00addis\u00adtuk\u00adseen Ei naarmuta Kasvipohjainen. MrEco Hankaussieniliina 2-puol 18x13cm\" \/>\n<meta name=\"robots\" content=\"index, follow, max-snippet:-1, max-image-preview:large, max-video-preview:-1\" \/>\n<link rel=\"canonical\" href=\"https:\/\/eettinenluksus.fi\/shop\/tuote\/mreco-hankaussieniliina-2-puol-18x13cm\/\" \/>\n<meta property=\"og:locale\" content=\"fi_FI\" \/>\n<meta property=\"og:type\" content=\"article\" \/>\n<meta property=\"og:title\" content=\"MrEco Hankaussieniliina 2-puol 18x13cm\" \/>\n<meta property=\"og:description\" content=\"Monik\u00e4ytt\u00f6inen hyvin imu\u00adkykyi\u00adnen sellu\u00adloosa\u00adsieni Hell\u00e4\u00e4n ekologiseen puh\u00addis\u00adtuk\u00adseen Ei naarmuta Kasvipohjainen. MrEco Hankaussieniliina 2-puol 18x13cm\" \/>\n<meta property=\"og:url\" content=\"https:\/\/eettinenluksus.fi\/shop\/tuote\/mreco-hankaussieniliina-2-puol-18x13cm\/\" \/>\n<meta property=\"og:site_name\" content=\"Shop Eettinen Luksus\" \/>\n<meta property=\"article:publisher\" content=\"https:\/\/www.facebook.com\/eettinenluksus\" \/>\n<meta property=\"article:modified_time\" content=\"2024-09-20T10:35:41+00:00\" \/>\n<meta property=\"og:image\" content=\"https:\/\/eettinenluksus.fi\/shop\/wp-content\/uploads\/sites\/4\/1726\/27\/Hankaussieni-2-puol-18-x-13cm-nelio.jpg\" \/>\n\t<meta property=\"og:image:width\" content=\"1045\" \/>\n\t<meta property=\"og:image:height\" content=\"1045\" \/>\n\t<meta property=\"og:image:type\" content=\"image\/jpeg\" \/>\n<meta name=\"twitter:card\" content=\"summary_large_image\" \/>\n<meta name=\"twitter:label1\" content=\"Hinta\" \/>\n\t<meta name=\"twitter:data1\" content=\"4,45&nbsp;&euro;\" \/>\n\t<meta name=\"twitter:label2\" content=\"Saatavuus\" \/>\n\t<meta name=\"twitter:data2\" content=\"Varastossa\" \/>\n<script type=\"application\/ld+json\" class=\"yoast-schema-graph\">{\"@context\":\"https:\\\/\\\/schema.org\",\"@graph\":[{\"@type\":\"WebPage\",\"@id\":\"https:\\\/\\\/eettinenluksus.fi\\\/shop\\\/tuote\\\/mreco-hankaussieniliina-2-puol-18x13cm\\\/\",\"url\":\"https:\\\/\\\/eettinenluksus.fi\\\/shop\\\/tuote\\\/mreco-hankaussieniliina-2-puol-18x13cm\\\/\",\"name\":\"MrEco Hankaussieniliina 2-puol 18x13cm - Shop Eettinen Luksus\",\"isPartOf\":{\"@id\":\"https:\\\/\\\/eettinenluksus.fi\\\/shop\\\/#website\"},\"primaryImageOfPage\":{\"@id\":\"https:\\\/\\\/eettinenluksus.fi\\\/shop\\\/tuote\\\/mreco-hankaussieniliina-2-puol-18x13cm\\\/#primaryimage\"},\"image\":{\"@id\":\"https:\\\/\\\/eettinenluksus.fi\\\/shop\\\/tuote\\\/mreco-hankaussieniliina-2-puol-18x13cm\\\/#primaryimage\"},\"thumbnailUrl\":\"https:\\\/\\\/eettinenluksus.fi\\\/shop\\\/wp-content\\\/uploads\\\/sites\\\/4\\\/1726\\\/27\\\/Hankaussieni-2-puol-18-x-13cm-nelio.jpg\",\"datePublished\":\"2022-10-06T11:12:21+00:00\",\"dateModified\":\"2024-09-20T10:35:41+00:00\",\"description\":\"Monik\u00e4ytt\u00f6inen hyvin imu\u00adkykyi\u00adnen sellu\u00adloosa\u00adsieni Hell\u00e4\u00e4n ekologiseen puh\u00addis\u00adtuk\u00adseen Ei naarmuta Kasvipohjainen. MrEco Hankaussieniliina 2-puol 18x13cm\",\"breadcrumb\":{\"@id\":\"https:\\\/\\\/eettinenluksus.fi\\\/shop\\\/tuote\\\/mreco-hankaussieniliina-2-puol-18x13cm\\\/#breadcrumb\"},\"inLanguage\":\"fi\",\"potentialAction\":[{\"@type\":\"ReadAction\",\"target\":[\"https:\\\/\\\/eettinenluksus.fi\\\/shop\\\/tuote\\\/mreco-hankaussieniliina-2-puol-18x13cm\\\/\"]}]},{\"@type\":\"ImageObject\",\"inLanguage\":\"fi\",\"@id\":\"https:\\\/\\\/eettinenluksus.fi\\\/shop\\\/tuote\\\/mreco-hankaussieniliina-2-puol-18x13cm\\\/#primaryimage\",\"url\":\"https:\\\/\\\/eettinenluksus.fi\\\/shop\\\/wp-content\\\/uploads\\\/sites\\\/4\\\/1726\\\/27\\\/Hankaussieni-2-puol-18-x-13cm-nelio.jpg\",\"contentUrl\":\"https:\\\/\\\/eettinenluksus.fi\\\/shop\\\/wp-content\\\/uploads\\\/sites\\\/4\\\/1726\\\/27\\\/Hankaussieni-2-puol-18-x-13cm-nelio.jpg\",\"width\":1045,\"height\":1045,\"caption\":\"Hankaussieni 2-puol 18 x 13cm\"},{\"@type\":\"BreadcrumbList\",\"@id\":\"https:\\\/\\\/eettinenluksus.fi\\\/shop\\\/tuote\\\/mreco-hankaussieniliina-2-puol-18x13cm\\\/#breadcrumb\",\"itemListElement\":[{\"@type\":\"ListItem\",\"position\":1,\"name\":\"Etusivu\",\"item\":\"https:\\\/\\\/eettinenluksus.fi\\\/shop\\\/\"},{\"@type\":\"ListItem\",\"position\":2,\"name\":\"Kauppa\",\"item\":\"https:\\\/\\\/eettinenluksus.fi\\\/shop\\\/en\\\/kauppa\\\/\"},{\"@type\":\"ListItem\",\"position\":3,\"name\":\"MrEco Hankaussieniliina 2-puol 18x13cm\"}]},{\"@type\":\"WebSite\",\"@id\":\"https:\\\/\\\/eettinenluksus.fi\\\/shop\\\/#website\",\"url\":\"https:\\\/\\\/eettinenluksus.fi\\\/shop\\\/\",\"name\":\"Shop Eettinen Luksus\",\"description\":\"Uusi verkkokauppa\",\"publisher\":{\"@id\":\"https:\\\/\\\/eettinenluksus.fi\\\/shop\\\/#organization\"},\"potentialAction\":[{\"@type\":\"SearchAction\",\"target\":{\"@type\":\"EntryPoint\",\"urlTemplate\":\"https:\\\/\\\/eettinenluksus.fi\\\/shop\\\/?s={search_term_string}\"},\"query-input\":{\"@type\":\"PropertyValueSpecification\",\"valueRequired\":true,\"valueName\":\"search_term_string\"}}],\"inLanguage\":\"fi\"},{\"@type\":\"Organization\",\"@id\":\"https:\\\/\\\/eettinenluksus.fi\\\/shop\\\/#organization\",\"name\":\"Shop Eettinen Luksus\",\"url\":\"https:\\\/\\\/eettinenluksus.fi\\\/shop\\\/\",\"logo\":{\"@type\":\"ImageObject\",\"inLanguage\":\"fi\",\"@id\":\"https:\\\/\\\/eettinenluksus.fi\\\/shop\\\/#\\\/schema\\\/logo\\\/image\\\/\",\"url\":\"https:\\\/\\\/eettinenluksus.fi\\\/shop\\\/wp-content\\\/uploads\\\/sites\\\/4\\\/1664\\\/37\\\/cropped-ELO.jpg\",\"contentUrl\":\"https:\\\/\\\/eettinenluksus.fi\\\/shop\\\/wp-content\\\/uploads\\\/sites\\\/4\\\/1664\\\/37\\\/cropped-ELO.jpg\",\"width\":810,\"height\":350,\"caption\":\"Shop Eettinen Luksus\"},\"image\":{\"@id\":\"https:\\\/\\\/eettinenluksus.fi\\\/shop\\\/#\\\/schema\\\/logo\\\/image\\\/\"},\"sameAs\":[\"https:\\\/\\\/www.facebook.com\\\/eettinenluksus\",\"https:\\\/\\\/www.instagram.com\\\/eettinenluksus\\\/\"]}]}<\/script>\n<meta property=\"product:price:amount\" content=\"4.45\" \/>\n<meta property=\"product:price:currency\" content=\"EUR\" \/>\n<meta property=\"og:availability\" content=\"instock\" \/>\n<meta property=\"product:availability\" content=\"instock\" \/>\n<meta property=\"product:retailer_item_id\" content=\"7203MRE\" \/>\n<meta property=\"product:condition\" content=\"new\" \/>\n<!-- \/ Yoast SEO Premium plugin. -->","yoast_head_json":{"title":"MrEco Hankaussieniliina 2-puol 18x13cm - Shop Eettinen Luksus","description":"Monik\u00e4ytt\u00f6inen hyvin imu\u00adkykyi\u00adnen sellu\u00adloosa\u00adsieni Hell\u00e4\u00e4n ekologiseen puh\u00addis\u00adtuk\u00adseen Ei naarmuta Kasvipohjainen. MrEco Hankaussieniliina 2-puol 18x13cm","robots":{"index":"index","follow":"follow","max-snippet":"max-snippet:-1","max-image-preview":"max-image-preview:large","max-video-preview":"max-video-preview:-1"},"canonical":"https:\/\/eettinenluksus.fi\/shop\/tuote\/mreco-hankaussieniliina-2-puol-18x13cm\/","og_locale":"fi_FI","og_type":"article","og_title":"MrEco Hankaussieniliina 2-puol 18x13cm","og_description":"Monik\u00e4ytt\u00f6inen hyvin imu\u00adkykyi\u00adnen sellu\u00adloosa\u00adsieni Hell\u00e4\u00e4n ekologiseen puh\u00addis\u00adtuk\u00adseen Ei naarmuta Kasvipohjainen. MrEco Hankaussieniliina 2-puol 18x13cm","og_url":"https:\/\/eettinenluksus.fi\/shop\/tuote\/mreco-hankaussieniliina-2-puol-18x13cm\/","og_site_name":"Shop Eettinen Luksus","article_publisher":"https:\/\/www.facebook.com\/eettinenluksus","article_modified_time":"2024-09-20T10:35:41+00:00","og_image":[{"width":1045,"height":1045,"url":"https:\/\/eettinenluksus.fi\/shop\/wp-content\/uploads\/sites\/4\/1726\/27\/Hankaussieni-2-puol-18-x-13cm-nelio.jpg","type":"image\/jpeg"}],"twitter_card":"summary_large_image","twitter_misc":{"Hinta":"4,45&nbsp;&euro;","Saatavuus":"Varastossa"},"schema":{"@context":"https:\/\/schema.org","@graph":[{"@type":"WebPage","@id":"https:\/\/eettinenluksus.fi\/shop\/tuote\/mreco-hankaussieniliina-2-puol-18x13cm\/","url":"https:\/\/eettinenluksus.fi\/shop\/tuote\/mreco-hankaussieniliina-2-puol-18x13cm\/","name":"MrEco Hankaussieniliina 2-puol 18x13cm - Shop Eettinen Luksus","isPartOf":{"@id":"https:\/\/eettinenluksus.fi\/shop\/#website"},"primaryImageOfPage":{"@id":"https:\/\/eettinenluksus.fi\/shop\/tuote\/mreco-hankaussieniliina-2-puol-18x13cm\/#primaryimage"},"image":{"@id":"https:\/\/eettinenluksus.fi\/shop\/tuote\/mreco-hankaussieniliina-2-puol-18x13cm\/#primaryimage"},"thumbnailUrl":"https:\/\/eettinenluksus.fi\/shop\/wp-content\/uploads\/sites\/4\/1726\/27\/Hankaussieni-2-puol-18-x-13cm-nelio.jpg","datePublished":"2022-10-06T11:12:21+00:00","dateModified":"2024-09-20T10:35:41+00:00","description":"Monik\u00e4ytt\u00f6inen hyvin imu\u00adkykyi\u00adnen sellu\u00adloosa\u00adsieni Hell\u00e4\u00e4n ekologiseen puh\u00addis\u00adtuk\u00adseen Ei naarmuta Kasvipohjainen. MrEco Hankaussieniliina 2-puol 18x13cm","breadcrumb":{"@id":"https:\/\/eettinenluksus.fi\/shop\/tuote\/mreco-hankaussieniliina-2-puol-18x13cm\/#breadcrumb"},"inLanguage":"fi","potentialAction":[{"@type":"ReadAction","target":["https:\/\/eettinenluksus.fi\/shop\/tuote\/mreco-hankaussieniliina-2-puol-18x13cm\/"]}]},{"@type":"ImageObject","inLanguage":"fi","@id":"https:\/\/eettinenluksus.fi\/shop\/tuote\/mreco-hankaussieniliina-2-puol-18x13cm\/#primaryimage","url":"https:\/\/eettinenluksus.fi\/shop\/wp-content\/uploads\/sites\/4\/1726\/27\/Hankaussieni-2-puol-18-x-13cm-nelio.jpg","contentUrl":"https:\/\/eettinenluksus.fi\/shop\/wp-content\/uploads\/sites\/4\/1726\/27\/Hankaussieni-2-puol-18-x-13cm-nelio.jpg","width":1045,"height":1045,"caption":"Hankaussieni 2-puol 18 x 13cm"},{"@type":"BreadcrumbList","@id":"https:\/\/eettinenluksus.fi\/shop\/tuote\/mreco-hankaussieniliina-2-puol-18x13cm\/#breadcrumb","itemListElement":[{"@type":"ListItem","position":1,"name":"Etusivu","item":"https:\/\/eettinenluksus.fi\/shop\/"},{"@type":"ListItem","position":2,"name":"Kauppa","item":"https:\/\/eettinenluksus.fi\/shop\/en\/kauppa\/"},{"@type":"ListItem","position":3,"name":"MrEco Hankaussieniliina 2-puol 18x13cm"}]},{"@type":"WebSite","@id":"https:\/\/eettinenluksus.fi\/shop\/#website","url":"https:\/\/eettinenluksus.fi\/shop\/","name":"Shop Eettinen Luksus","description":"Uusi verkkokauppa","publisher":{"@id":"https:\/\/eettinenluksus.fi\/shop\/#organization"},"potentialAction":[{"@type":"SearchAction","target":{"@type":"EntryPoint","urlTemplate":"https:\/\/eettinenluksus.fi\/shop\/?s={search_term_string}"},"query-input":{"@type":"PropertyValueSpecification","valueRequired":true,"valueName":"search_term_string"}}],"inLanguage":"fi"},{"@type":"Organization","@id":"https:\/\/eettinenluksus.fi\/shop\/#organization","name":"Shop Eettinen Luksus","url":"https:\/\/eettinenluksus.fi\/shop\/","logo":{"@type":"ImageObject","inLanguage":"fi","@id":"https:\/\/eettinenluksus.fi\/shop\/#\/schema\/logo\/image\/","url":"https:\/\/eettinenluksus.fi\/shop\/wp-content\/uploads\/sites\/4\/1664\/37\/cropped-ELO.jpg","contentUrl":"https:\/\/eettinenluksus.fi\/shop\/wp-content\/uploads\/sites\/4\/1664\/37\/cropped-ELO.jpg","width":810,"height":350,"caption":"Shop Eettinen Luksus"},"image":{"@id":"https:\/\/eettinenluksus.fi\/shop\/#\/schema\/logo\/image\/"},"sameAs":["https:\/\/www.facebook.com\/eettinenluksus","https:\/\/www.instagram.com\/eettinenluksus\/"]}]},"product_price_amount":"4.45","product_price_currency":"EUR","og_availability":"instock","product_availability":"instock","product_retailer_item_id":"7203MRE","product_condition":"new"},"_links":{"self":[{"href":"https:\/\/eettinenluksus.fi\/shop\/wp-json\/wp\/v2\/product\/505","targetHints":{"allow":["GET"]}}],"collection":[{"href":"https:\/\/eettinenluksus.fi\/shop\/wp-json\/wp\/v2\/product"}],"about":[{"href":"https:\/\/eettinenluksus.fi\/shop\/wp-json\/wp\/v2\/types\/product"}],"version-history":[{"count":11,"href":"https:\/\/eettinenluksus.fi\/shop\/wp-json\/wp\/v2\/product\/505\/revisions"}],"predecessor-version":[{"id":2858,"href":"https:\/\/eettinenluksus.fi\/shop\/wp-json\/wp\/v2\/product\/505\/revisions\/2858"}],"wp:featuredmedia":[{"embeddable":true,"href":"https:\/\/eettinenluksus.fi\/shop\/wp-json\/wp\/v2\/media\/4095"}],"wp:attachment":[{"href":"https:\/\/eettinenluksus.fi\/shop\/wp-json\/wp\/v2\/media?parent=505"}],"wp:term":[{"taxonomy":"product_brand","embeddable":true,"href":"https:\/\/eettinenluksus.fi\/shop\/wp-json\/wp\/v2\/product_brand?post=505"},{"taxonomy":"product_cat","embeddable":true,"href":"https:\/\/eettinenluksus.fi\/shop\/wp-json\/wp\/v2\/product_cat?post=505"},{"taxonomy":"product_tag","embeddable":true,"href":"https:\/\/eettinenluksus.fi\/shop\/wp-json\/wp\/v2\/product_tag?post=505"}],"curies":[{"name":"wp","href":"https:\/\/api.w.org\/{rel}","templated":true}]}}