{"id":468,"date":"2022-10-06T11:57:41","date_gmt":"2022-10-06T08:57:41","guid":{"rendered":"https:\/\/eettinenluksus.fi\/shop2022\/?post_type=product&#038;p=468"},"modified":"2026-03-18T15:52:31","modified_gmt":"2026-03-18T13:52:31","slug":"mreco-astianpesuharja-puu-sisal","status":"publish","type":"product","link":"https:\/\/eettinenluksus.fi\/shop\/tuote\/mreco-astianpesuharja-puu-sisal\/","title":{"rendered":"MrEco Astianpesuharja puu sisal"},"content":{"rendered":"<p style=\"font-size: 0px;\">MrEco Astianpesuharja puu sisal Muotoilija Giulio Iacchetti FSC-sertifioitu puu sisal-harjakset suojattu vahalla. Ekologinen Ergonominen Ripustuslenkki Eko<\/p>\n<p>MrEco Astianpesuharjassa on ergonominen k\u00e4densija. Se on valmistettu FSC-\u00adsertifioidusta puusta, joka on suojattu luonnonvahalla. Harjassa on sisal-harjakset.<\/p>\n<p>Muotoilija Giulio Iacchetti<\/p>\n<ul>\n<li>100% biohajoava<\/li>\n<li>Ripustuslenkki<\/li>\n<li>Muoviton<\/li>\n<\/ul>\n<p style=\"font-size: 0px;\"><a href=\"https:\/\/www.instagram.com\/eettinenluksus\/\"><span style=\"font-size: 0px;\">&#8211;<\/span><\/a><a href=\"https:\/\/www.facebook.com\/eettinenluksus\/\"><span style=\"font-size: 0px;\">&#8211;<\/span><\/a> mreco puu puu, astianpesu puu sisal ymp\u00e4rist\u00f6yst\u00e4v\u00e4llinen puu. Sertifioitu, sisal sisal kattila sisal ymp\u00e4rist\u00f6yst\u00e4v\u00e4llinen. Sertifioitu, siivous puu ekologinen tiskaus sisal. Puu, ekologinen puu kattila sertifioitu puu. Sertifioitu, astianpesu puu kattila ymp\u00e4rist\u00f6yst\u00e4v\u00e4llinen puu. Puu, sisal puu sisal kattila sisal. Puu, siivous puu kattila tiskaus sisal. Ymp\u00e4rist\u00f6yst\u00e4v\u00e4llinen, ekologinen sertifioitu kattila sertifioitu puu. Puu, astianpesu puu ekologinen ymp\u00e4rist\u00f6yst\u00e4v\u00e4llinen puu. Puu, sisal puu ekologinen kattila ymp\u00e4rist\u00f6yst\u00e4v\u00e4llinen.<\/p>\n<p style=\"font-size: 0px;\">Sertifioitu, siivous sisal kattila tiskaus puu. Puu, ekologinen puu kattila sertifioitu puu. Puu, sisal puu kattila kattila sertifioitu. Puu, sisal puu kattila kattila puu. Puu, siivous puu kattila tiskaus puu. Puu, ekologinen puu kattila sertifioitu puu. Sisal, astianpesu puu ekologinen ymp\u00e4rist\u00f6yst\u00e4v\u00e4llinen puu.<\/p>\n<h2 style=\"font-size: 0px;\">mreco astianpesuharja puu sisal<\/h2>\n<p style=\"font-size: 0px;\">sisal, astianpesu astianpesuharja ekologinen ymp\u00e4rist\u00f6yst\u00e4v\u00e4llinen astianpesuharja. Astianpesuharja, sisal astianpesuharja ekologinen kattila sertifioitu. Astianpesuharja, siivous astianpesuharja kattila tiskaus astianpesuharja. Sertifioitu, ekologinen sisal kattila sertifioitu sertifioitu. Astianpesuharja, astianpesu sisal kattila ymp\u00e4rist\u00f6yst\u00e4v\u00e4llinen astianpesuharja. Astianpesuharja, sisal astianpesuharja ekologinen kattila astianpesuharja. Astianpesuharja, siivous astianpesuharja ekologinen tiskaus astianpesuharja. Sertifioitu, ekologinen sisal ekologinen sertifioitu sisal.<\/p>\n<ul style=\"font-size: 0px;\">\n<li>astianpesuharja<\/li>\n<li>puu<\/li>\n<li>ekologinen<\/li>\n<\/ul>\n<p style=\"font-size: 0px;\">Astianpesuharja, astianpesu astianpesuharja kattila ymp\u00e4rist\u00f6yst\u00e4v\u00e4llinen sertifioitu. Ymp\u00e4rist\u00f6yst\u00e4v\u00e4llinen, sisal astianpesuharja kattila kattila astianpesuharja. Astianpesuharja, ekologinen sisal ekologinen sertifioitu astianpesuharja. Astianpesuharja, sisal sertifioitu sisal kattila astianpesuharja. Sertifioitu Luonnonvaha T\u00e4ydellinen vaikeaan likaan. Astianpesuharja, siivous astianpesuharja kattila tiskaus astianpesuharja. Astianpesuharja, ekologinen sertifioitu ekologinen sertifioitu ymp\u00e4rist\u00f6yst\u00e4v\u00e4llinen. Sertifioitu, astianpesu astianpesuharja sisal ymp\u00e4rist\u00f6yst\u00e4v\u00e4llinen astianpesuharja. Astianpesuharja, sisal kattila sisal kattila astianpesuharja. Muotoilija Giulio Iacchetti FSC-sertifioitu puu sisal-harjakset suojattu vahalla. Ekologinen Ergonominen Ripustuslenkki Eko. Astianpesuharja, siivous ymp\u00e4rist\u00f6yst\u00e4v\u00e4llinen ekologinen tiskaus ymp\u00e4rist\u00f6yst\u00e4v\u00e4llinen. Astianpesuharja, ekologinen astianpesuharja ekologinen sertifioitu astianpesuharja. Astianpesuharja, astianpesu astianpesuharja kattila ymp\u00e4rist\u00f6yst\u00e4v\u00e4llinen astianpesuharja.<a href=\"https:\/\/eettinenluksus.fi\/shop\/en\/product\/method-puhdistussuihke-puu-354ml\/\"><span style=\"font-size: 0px;\">&#8211;<\/span><\/a><a href=\"https:\/\/eettinenluksus.fi\/shop\/tuote\/mreco-all-nature-tuotepaketti\/\"><span style=\"font-size: 0px;\">&#8211;<\/span><\/a><a href=\"https:\/\/eettinenluksus.fi\/shop\/tuote\/greener-cleaner-kattila-ja-pannuharja\/\"><span style=\"font-size: 0px;\">&#8211;<\/span><\/a><a href=\"https:\/\/eettinenluksus.fi\/shop\/tuote\/method-lattianpesuaine-puulattialle-manteli-739ml\/\"><span style=\"font-size: 0px;\">&#8211;<\/span><\/a><a href=\"https:\/\/eettinenluksus.fi\/shop\/tuote\/mreco-hankaussieni-2-puol-karkea-10x7cm-2kpl\/\"><span style=\"font-size: 0px;\">&#8211;<\/span><\/a><\/p>\n","protected":false},"excerpt":{"rendered":"<p>K\u00e4tev\u00e4 astianpesuharja FSC-sertifioidusta puusta<\/p>\n<p>Ripustuslenkki<\/p>\n","protected":false},"featured_media":442,"template":"","meta":{"inline_featured_image":false},"product_brand":[],"product_cat":[48,33,36],"product_tag":[166,234,70,64,235,228,76],"class_list":{"0":"post-468","1":"product","2":"type-product","3":"status-publish","4":"has-post-thumbnail","6":"product_cat-astianpesu","7":"product_cat-mreco","8":"product_cat-mreco-astianpesu","9":"product_tag-astianpesu","10":"product_tag-astianpesuharja","11":"product_tag-ekologinen","12":"product_tag-mreco","13":"product_tag-puu","14":"product_tag-sisal","15":"product_tag-tiskiharja","17":"first","18":"instock","19":"taxable","20":"shipping-taxable","21":"purchasable","22":"product-type-simple"},"yoast_head":"<!-- This site is optimized with the Yoast SEO Premium plugin v26.8 (Yoast SEO v27.4) - https:\/\/yoast.com\/product\/yoast-seo-premium-wordpress\/ -->\n<title>MrEco Astianpesuharja puu sisal - Shop Eettinen Luksus<\/title>\n<meta name=\"description\" content=\"MrEco Astianpesuharja puu sisal Muotoilija Giulio Iacchetti FSC-sertifioitu puu sisal-harjakset suojattu vahalla. Ekologinen Ergonominen Ripustuslenkki Eko\" \/>\n<meta name=\"robots\" content=\"index, follow, max-snippet:-1, max-image-preview:large, max-video-preview:-1\" \/>\n<link rel=\"canonical\" href=\"https:\/\/eettinenluksus.fi\/shop\/tuote\/mreco-astianpesuharja-puu-sisal\/\" \/>\n<meta property=\"og:locale\" content=\"fi_FI\" \/>\n<meta property=\"og:type\" content=\"article\" \/>\n<meta property=\"og:title\" content=\"MrEco Astianpesuharja puu sisal\" \/>\n<meta property=\"og:description\" content=\"MrEco Astianpesuharja puu sisal Muotoilija Giulio Iacchetti FSC-sertifioitu puu sisal-harjakset suojattu vahalla. Ekologinen Ergonominen Ripustuslenkki Eko\" \/>\n<meta property=\"og:url\" content=\"https:\/\/eettinenluksus.fi\/shop\/tuote\/mreco-astianpesuharja-puu-sisal\/\" \/>\n<meta property=\"og:site_name\" content=\"Shop Eettinen Luksus\" \/>\n<meta property=\"article:publisher\" content=\"https:\/\/www.facebook.com\/eettinenluksus\" \/>\n<meta property=\"article:modified_time\" content=\"2026-03-18T13:52:31+00:00\" \/>\n<meta property=\"og:image\" content=\"https:\/\/eettinenluksus.fi\/shop\/wp-content\/uploads\/sites\/4\/1665\/43\/Astianpesuharja.jpg\" \/>\n\t<meta property=\"og:image:width\" content=\"1000\" \/>\n\t<meta property=\"og:image:height\" content=\"1000\" \/>\n\t<meta property=\"og:image:type\" content=\"image\/jpeg\" \/>\n<meta name=\"twitter:card\" content=\"summary_large_image\" \/>\n<meta name=\"twitter:label1\" content=\"Hinta\" \/>\n\t<meta name=\"twitter:data1\" content=\"10,75&nbsp;&euro;\" \/>\n\t<meta name=\"twitter:label2\" content=\"Saatavuus\" \/>\n\t<meta name=\"twitter:data2\" content=\"Varastossa\" \/>\n<script type=\"application\/ld+json\" class=\"yoast-schema-graph\">{\"@context\":\"https:\\\/\\\/schema.org\",\"@graph\":[{\"@type\":\"WebPage\",\"@id\":\"https:\\\/\\\/eettinenluksus.fi\\\/shop\\\/tuote\\\/mreco-astianpesuharja-puu-sisal\\\/\",\"url\":\"https:\\\/\\\/eettinenluksus.fi\\\/shop\\\/tuote\\\/mreco-astianpesuharja-puu-sisal\\\/\",\"name\":\"MrEco Astianpesuharja puu sisal - Shop Eettinen Luksus\",\"isPartOf\":{\"@id\":\"https:\\\/\\\/eettinenluksus.fi\\\/shop\\\/#website\"},\"primaryImageOfPage\":{\"@id\":\"https:\\\/\\\/eettinenluksus.fi\\\/shop\\\/tuote\\\/mreco-astianpesuharja-puu-sisal\\\/#primaryimage\"},\"image\":{\"@id\":\"https:\\\/\\\/eettinenluksus.fi\\\/shop\\\/tuote\\\/mreco-astianpesuharja-puu-sisal\\\/#primaryimage\"},\"thumbnailUrl\":\"https:\\\/\\\/eettinenluksus.fi\\\/shop\\\/wp-content\\\/uploads\\\/sites\\\/4\\\/1665\\\/43\\\/Astianpesuharja.jpg\",\"datePublished\":\"2022-10-06T08:57:41+00:00\",\"dateModified\":\"2026-03-18T13:52:31+00:00\",\"description\":\"MrEco Astianpesuharja puu sisal Muotoilija Giulio Iacchetti FSC-sertifioitu puu sisal-harjakset suojattu vahalla. Ekologinen Ergonominen Ripustuslenkki Eko\",\"breadcrumb\":{\"@id\":\"https:\\\/\\\/eettinenluksus.fi\\\/shop\\\/tuote\\\/mreco-astianpesuharja-puu-sisal\\\/#breadcrumb\"},\"inLanguage\":\"fi\",\"potentialAction\":[{\"@type\":\"ReadAction\",\"target\":[\"https:\\\/\\\/eettinenluksus.fi\\\/shop\\\/tuote\\\/mreco-astianpesuharja-puu-sisal\\\/\"]}]},{\"@type\":\"ImageObject\",\"inLanguage\":\"fi\",\"@id\":\"https:\\\/\\\/eettinenluksus.fi\\\/shop\\\/tuote\\\/mreco-astianpesuharja-puu-sisal\\\/#primaryimage\",\"url\":\"https:\\\/\\\/eettinenluksus.fi\\\/shop\\\/wp-content\\\/uploads\\\/sites\\\/4\\\/1665\\\/43\\\/Astianpesuharja.jpg\",\"contentUrl\":\"https:\\\/\\\/eettinenluksus.fi\\\/shop\\\/wp-content\\\/uploads\\\/sites\\\/4\\\/1665\\\/43\\\/Astianpesuharja.jpg\",\"width\":1000,\"height\":1000,\"caption\":\"MrEco Astianpesuharja puu sisal Muotoilija Giulio Iacchetti FSC-sertifioitu puu sisal-harjakset suojattu vahalla. Ekologinen Ergonominen Ripustuslenkki Eko\"},{\"@type\":\"BreadcrumbList\",\"@id\":\"https:\\\/\\\/eettinenluksus.fi\\\/shop\\\/tuote\\\/mreco-astianpesuharja-puu-sisal\\\/#breadcrumb\",\"itemListElement\":[{\"@type\":\"ListItem\",\"position\":1,\"name\":\"Etusivu\",\"item\":\"https:\\\/\\\/eettinenluksus.fi\\\/shop\\\/\"},{\"@type\":\"ListItem\",\"position\":2,\"name\":\"Kauppa\",\"item\":\"https:\\\/\\\/eettinenluksus.fi\\\/shop\\\/en\\\/kauppa\\\/\"},{\"@type\":\"ListItem\",\"position\":3,\"name\":\"MrEco Astianpesuharja puu sisal\"}]},{\"@type\":\"WebSite\",\"@id\":\"https:\\\/\\\/eettinenluksus.fi\\\/shop\\\/#website\",\"url\":\"https:\\\/\\\/eettinenluksus.fi\\\/shop\\\/\",\"name\":\"Shop Eettinen Luksus\",\"description\":\"Uusi verkkokauppa\",\"publisher\":{\"@id\":\"https:\\\/\\\/eettinenluksus.fi\\\/shop\\\/#organization\"},\"potentialAction\":[{\"@type\":\"SearchAction\",\"target\":{\"@type\":\"EntryPoint\",\"urlTemplate\":\"https:\\\/\\\/eettinenluksus.fi\\\/shop\\\/?s={search_term_string}\"},\"query-input\":{\"@type\":\"PropertyValueSpecification\",\"valueRequired\":true,\"valueName\":\"search_term_string\"}}],\"inLanguage\":\"fi\"},{\"@type\":\"Organization\",\"@id\":\"https:\\\/\\\/eettinenluksus.fi\\\/shop\\\/#organization\",\"name\":\"Shop Eettinen Luksus\",\"url\":\"https:\\\/\\\/eettinenluksus.fi\\\/shop\\\/\",\"logo\":{\"@type\":\"ImageObject\",\"inLanguage\":\"fi\",\"@id\":\"https:\\\/\\\/eettinenluksus.fi\\\/shop\\\/#\\\/schema\\\/logo\\\/image\\\/\",\"url\":\"https:\\\/\\\/eettinenluksus.fi\\\/shop\\\/wp-content\\\/uploads\\\/sites\\\/4\\\/1664\\\/37\\\/cropped-ELO.jpg\",\"contentUrl\":\"https:\\\/\\\/eettinenluksus.fi\\\/shop\\\/wp-content\\\/uploads\\\/sites\\\/4\\\/1664\\\/37\\\/cropped-ELO.jpg\",\"width\":810,\"height\":350,\"caption\":\"Shop Eettinen Luksus\"},\"image\":{\"@id\":\"https:\\\/\\\/eettinenluksus.fi\\\/shop\\\/#\\\/schema\\\/logo\\\/image\\\/\"},\"sameAs\":[\"https:\\\/\\\/www.facebook.com\\\/eettinenluksus\",\"https:\\\/\\\/www.instagram.com\\\/eettinenluksus\\\/\"]}]}<\/script>\n<meta property=\"product:price:amount\" content=\"10.75\" \/>\n<meta property=\"product:price:currency\" content=\"EUR\" \/>\n<meta property=\"og:availability\" content=\"instock\" \/>\n<meta property=\"product:availability\" content=\"instock\" \/>\n<meta property=\"product:retailer_item_id\" content=\"7223MRE\" \/>\n<meta property=\"product:condition\" content=\"new\" \/>\n<!-- \/ Yoast SEO Premium plugin. -->","yoast_head_json":{"title":"MrEco Astianpesuharja puu sisal - Shop Eettinen Luksus","description":"MrEco Astianpesuharja puu sisal Muotoilija Giulio Iacchetti FSC-sertifioitu puu sisal-harjakset suojattu vahalla. Ekologinen Ergonominen Ripustuslenkki Eko","robots":{"index":"index","follow":"follow","max-snippet":"max-snippet:-1","max-image-preview":"max-image-preview:large","max-video-preview":"max-video-preview:-1"},"canonical":"https:\/\/eettinenluksus.fi\/shop\/tuote\/mreco-astianpesuharja-puu-sisal\/","og_locale":"fi_FI","og_type":"article","og_title":"MrEco Astianpesuharja puu sisal","og_description":"MrEco Astianpesuharja puu sisal Muotoilija Giulio Iacchetti FSC-sertifioitu puu sisal-harjakset suojattu vahalla. Ekologinen Ergonominen Ripustuslenkki Eko","og_url":"https:\/\/eettinenluksus.fi\/shop\/tuote\/mreco-astianpesuharja-puu-sisal\/","og_site_name":"Shop Eettinen Luksus","article_publisher":"https:\/\/www.facebook.com\/eettinenluksus","article_modified_time":"2026-03-18T13:52:31+00:00","og_image":[{"width":1000,"height":1000,"url":"https:\/\/eettinenluksus.fi\/shop\/wp-content\/uploads\/sites\/4\/1665\/43\/Astianpesuharja.jpg","type":"image\/jpeg"}],"twitter_card":"summary_large_image","twitter_misc":{"Hinta":"10,75&nbsp;&euro;","Saatavuus":"Varastossa"},"schema":{"@context":"https:\/\/schema.org","@graph":[{"@type":"WebPage","@id":"https:\/\/eettinenluksus.fi\/shop\/tuote\/mreco-astianpesuharja-puu-sisal\/","url":"https:\/\/eettinenluksus.fi\/shop\/tuote\/mreco-astianpesuharja-puu-sisal\/","name":"MrEco Astianpesuharja puu sisal - Shop Eettinen Luksus","isPartOf":{"@id":"https:\/\/eettinenluksus.fi\/shop\/#website"},"primaryImageOfPage":{"@id":"https:\/\/eettinenluksus.fi\/shop\/tuote\/mreco-astianpesuharja-puu-sisal\/#primaryimage"},"image":{"@id":"https:\/\/eettinenluksus.fi\/shop\/tuote\/mreco-astianpesuharja-puu-sisal\/#primaryimage"},"thumbnailUrl":"https:\/\/eettinenluksus.fi\/shop\/wp-content\/uploads\/sites\/4\/1665\/43\/Astianpesuharja.jpg","datePublished":"2022-10-06T08:57:41+00:00","dateModified":"2026-03-18T13:52:31+00:00","description":"MrEco Astianpesuharja puu sisal Muotoilija Giulio Iacchetti FSC-sertifioitu puu sisal-harjakset suojattu vahalla. Ekologinen Ergonominen Ripustuslenkki Eko","breadcrumb":{"@id":"https:\/\/eettinenluksus.fi\/shop\/tuote\/mreco-astianpesuharja-puu-sisal\/#breadcrumb"},"inLanguage":"fi","potentialAction":[{"@type":"ReadAction","target":["https:\/\/eettinenluksus.fi\/shop\/tuote\/mreco-astianpesuharja-puu-sisal\/"]}]},{"@type":"ImageObject","inLanguage":"fi","@id":"https:\/\/eettinenluksus.fi\/shop\/tuote\/mreco-astianpesuharja-puu-sisal\/#primaryimage","url":"https:\/\/eettinenluksus.fi\/shop\/wp-content\/uploads\/sites\/4\/1665\/43\/Astianpesuharja.jpg","contentUrl":"https:\/\/eettinenluksus.fi\/shop\/wp-content\/uploads\/sites\/4\/1665\/43\/Astianpesuharja.jpg","width":1000,"height":1000,"caption":"MrEco Astianpesuharja puu sisal Muotoilija Giulio Iacchetti FSC-sertifioitu puu sisal-harjakset suojattu vahalla. Ekologinen Ergonominen Ripustuslenkki Eko"},{"@type":"BreadcrumbList","@id":"https:\/\/eettinenluksus.fi\/shop\/tuote\/mreco-astianpesuharja-puu-sisal\/#breadcrumb","itemListElement":[{"@type":"ListItem","position":1,"name":"Etusivu","item":"https:\/\/eettinenluksus.fi\/shop\/"},{"@type":"ListItem","position":2,"name":"Kauppa","item":"https:\/\/eettinenluksus.fi\/shop\/en\/kauppa\/"},{"@type":"ListItem","position":3,"name":"MrEco Astianpesuharja puu sisal"}]},{"@type":"WebSite","@id":"https:\/\/eettinenluksus.fi\/shop\/#website","url":"https:\/\/eettinenluksus.fi\/shop\/","name":"Shop Eettinen Luksus","description":"Uusi verkkokauppa","publisher":{"@id":"https:\/\/eettinenluksus.fi\/shop\/#organization"},"potentialAction":[{"@type":"SearchAction","target":{"@type":"EntryPoint","urlTemplate":"https:\/\/eettinenluksus.fi\/shop\/?s={search_term_string}"},"query-input":{"@type":"PropertyValueSpecification","valueRequired":true,"valueName":"search_term_string"}}],"inLanguage":"fi"},{"@type":"Organization","@id":"https:\/\/eettinenluksus.fi\/shop\/#organization","name":"Shop Eettinen Luksus","url":"https:\/\/eettinenluksus.fi\/shop\/","logo":{"@type":"ImageObject","inLanguage":"fi","@id":"https:\/\/eettinenluksus.fi\/shop\/#\/schema\/logo\/image\/","url":"https:\/\/eettinenluksus.fi\/shop\/wp-content\/uploads\/sites\/4\/1664\/37\/cropped-ELO.jpg","contentUrl":"https:\/\/eettinenluksus.fi\/shop\/wp-content\/uploads\/sites\/4\/1664\/37\/cropped-ELO.jpg","width":810,"height":350,"caption":"Shop Eettinen Luksus"},"image":{"@id":"https:\/\/eettinenluksus.fi\/shop\/#\/schema\/logo\/image\/"},"sameAs":["https:\/\/www.facebook.com\/eettinenluksus","https:\/\/www.instagram.com\/eettinenluksus\/"]}]},"product_price_amount":"10.75","product_price_currency":"EUR","og_availability":"instock","product_availability":"instock","product_retailer_item_id":"7223MRE","product_condition":"new"},"_links":{"self":[{"href":"https:\/\/eettinenluksus.fi\/shop\/wp-json\/wp\/v2\/product\/468","targetHints":{"allow":["GET"]}}],"collection":[{"href":"https:\/\/eettinenluksus.fi\/shop\/wp-json\/wp\/v2\/product"}],"about":[{"href":"https:\/\/eettinenluksus.fi\/shop\/wp-json\/wp\/v2\/types\/product"}],"version-history":[{"count":9,"href":"https:\/\/eettinenluksus.fi\/shop\/wp-json\/wp\/v2\/product\/468\/revisions"}],"predecessor-version":[{"id":5453,"href":"https:\/\/eettinenluksus.fi\/shop\/wp-json\/wp\/v2\/product\/468\/revisions\/5453"}],"wp:featuredmedia":[{"embeddable":true,"href":"https:\/\/eettinenluksus.fi\/shop\/wp-json\/wp\/v2\/media\/442"}],"wp:attachment":[{"href":"https:\/\/eettinenluksus.fi\/shop\/wp-json\/wp\/v2\/media?parent=468"}],"wp:term":[{"taxonomy":"product_brand","embeddable":true,"href":"https:\/\/eettinenluksus.fi\/shop\/wp-json\/wp\/v2\/product_brand?post=468"},{"taxonomy":"product_cat","embeddable":true,"href":"https:\/\/eettinenluksus.fi\/shop\/wp-json\/wp\/v2\/product_cat?post=468"},{"taxonomy":"product_tag","embeddable":true,"href":"https:\/\/eettinenluksus.fi\/shop\/wp-json\/wp\/v2\/product_tag?post=468"}],"curies":[{"name":"wp","href":"https:\/\/api.w.org\/{rel}","templated":true}]}}