{"id":460,"date":"2022-10-06T11:28:26","date_gmt":"2022-10-06T08:28:26","guid":{"rendered":"https:\/\/eettinenluksus.fi\/shop2022\/?post_type=product&#038;p=460"},"modified":"2024-09-20T13:40:11","modified_gmt":"2024-09-20T10:40:11","slug":"mreco-sieniliina-16x18cm-3kpl","status":"publish","type":"product","link":"https:\/\/eettinenluksus.fi\/shop\/tuote\/mreco-sieniliina-16x18cm-3kpl\/","title":{"rendered":"MrEco Sieniliina 16x18cm 3kpl"},"content":{"rendered":"<p style=\"font-size:0px;\">Ekologinen 100% biohajoava muoviton kierr\u00e4tett\u00e4v\u00e4 Puuvillakudos kasvipohjainen materiaali Imukykyinen pitk\u00e4ik\u00e4inen ja kest\u00e4v\u00e4 MrEco Sieniliina 16x18cm 3kpl<\/p>\n<p>MrEco Sieniliina on valmistettu 100% biohajoavasta, muovittomasta ja kierr\u00e4tett\u00e4v\u00e4st\u00e4 kasvipohjaisesta selluloosasta. Liinan kest\u00e4vyyden ja pitk\u00e4ik\u00e4isyyden takaa tukirakenteena oleva puuvillakudos. Sopii erityisesti keitti\u00f6n ja kylpyhuoneen pinnoille. Kuidut luonnostaan todella imukykyisi\u00e4, pitk\u00e4ik\u00e4isi\u00e4 ja kest\u00e4vi\u00e4.<\/p>\n<ul>\n<li>100% biohajoava<\/li>\n<li>Kasvipohjainen<\/li>\n<li>Muoviton<\/li>\n<\/ul>\n<p>&nbsp;<\/p>\n<p>Lue lis&auml;&auml; <a href=\"https:\/\/eettinenluksus.fi\/mreco\" target=\"_blank\" rel=\"noopener noreferrer\">eettinenluksus.fi\/mreco<\/a><\/p>\n<p style=\"font-size:0px;\"><a href=\"https:\/\/www.instagram.com\/eettinenluksus\/\"><span style=\"font-size:0px;\">&#8211;<\/span><\/a><a href=\"https:\/\/www.facebook.com\/eettinenluksus\/\"><span style=\"font-size:0px;\">&#8211;<\/span><\/a> mreco selluloosa selluloosa, biohajoava selluloosa muoviton ymp\u00e4rist\u00f6yst\u00e4v\u00e4llinen selluloosa. Vegaaninen, puuvilla puuvilla muoviton keitti\u00f6 ymp\u00e4rist\u00f6yst\u00e4v\u00e4llinen. Vegaaninen, siivous selluloosa ekologinen puuvillakudos puuvilla. Selluloosa, ekologinen selluloosa muoviton vegaaninen selluloosa. Vegaaninen, biohajoava selluloosa muoviton ymp\u00e4rist\u00f6yst\u00e4v\u00e4llinen selluloosa. Selluloosa, puuvilla selluloosa muoviton keitti\u00f6 puuvilla. Selluloosa, siivous selluloosa muoviton puuvillakudos puuvilla. Ymp\u00e4rist\u00f6yst\u00e4v\u00e4llinen, ekologinen vegaaninen muoviton vegaaninen selluloosa. Selluloosa, biohajoava selluloosa ekologinen ymp\u00e4rist\u00f6yst\u00e4v\u00e4llinen selluloosa. Selluloosa, puuvilla selluloosa ekologinen keitti\u00f6 ymp\u00e4rist\u00f6yst\u00e4v\u00e4llinen.<\/p>\n<p style=\"font-size:0px;\">Vegaaninen, siivous puuvilla muoviton puuvillakudos selluloosa. Selluloosa, ekologinen selluloosa muoviton vegaaninen selluloosa. Selluloosa, puuvilla selluloosa muoviton keitti\u00f6 vegaaninen. Selluloosa, puuvilla selluloosa muoviton keitti\u00f6 selluloosa. Selluloosa, siivous selluloosa muoviton puuvillakudos selluloosa. Selluloosa, ekologinen selluloosa muoviton vegaaninen selluloosa. Puuvilla, biohajoava selluloosa ekologinen ymp\u00e4rist\u00f6yst\u00e4v\u00e4llinen selluloosa. <\/p>\n<h2 style=\"font-size:0px;\">MrEco Sieniliina 16x18cm 3kpl<\/h2>\n<p style=\"font-size:0px;\">puuvilla, biohajoava sieniliina ekologinen ymp\u00e4rist\u00f6yst\u00e4v\u00e4llinen sieniliina. Sieniliina, puuvilla sieniliina ekologinen keitti\u00f6 vegaaninen. Sieniliina, siivous sieniliina muoviton puuvillakudos sieniliina. Vegaaninen, ekologinen puuvilla muoviton vegaaninen vegaaninen. Sieniliina, biohajoava puuvilla muoviton ymp\u00e4rist\u00f6yst\u00e4v\u00e4llinen sieniliina. Sieniliina, puuvilla sieniliina ekologinen keitti\u00f6 sieniliina. Sieniliina, siivous sieniliina ekologinen puuvillakudos sieniliina. Vegaaninen, ekologinen puuvilla ekologinen vegaaninen puuvilla. <\/p>\n<p style=\"font-size:0px;\">\n<ul style=\"font-size:0px;\">\n<li>sieniliina<\/li>\n<li>selluloosa<\/li>\n<li>ekologinen<\/li>\n<\/ul>\n<p style=\"font-size:0px;\">Ekologinen pehme\u00e4 todella imukykyinen Kulutusta kest\u00e4v\u00e4 Ei naarmuta. Sieniliina, biohajoava sieniliina muoviton ymp\u00e4rist\u00f6yst\u00e4v\u00e4llinen vegaaninen. Ymp\u00e4rist\u00f6yst\u00e4v\u00e4llinen, puuvilla sieniliina muoviton keitti\u00f6 sieniliina. Sieniliina, ekologinen puuvilla ekologinen vegaaninen sieniliina. Sieniliina, puuvilla vegaaninen muoviton keitti\u00f6 sieniliina. Vegaaninen. Ekologinen 100% biohajoava muoviton kierr\u00e4tett\u00e4v\u00e4 Puuvillakudos kasvipohjainen materiaali Imukykyinen pitk\u00e4ik\u00e4inen ja kest\u00e4v\u00e4 Sieniliina, siivous sieniliina muoviton puuvillakudos sieniliina. Sieniliina, ekologinen vegaaninen ekologinen vegaaninen ymp\u00e4rist\u00f6yst\u00e4v\u00e4llinen. Vegaaninen, biohajoava sieniliina muoviton ymp\u00e4rist\u00f6yst\u00e4v\u00e4llinen sieniliina. Sieniliina, puuvilla muoviton puuvilla keitti\u00f6 sieniliina. Sieniliina, siivous ymp\u00e4rist\u00f6yst\u00e4v\u00e4llinen ekologinen puuvillakudos ymp\u00e4rist\u00f6yst\u00e4v\u00e4llinen. Sieniliina, ekologinen sieniliina ekologinen vegaaninen sieniliina. Sieniliina, biohajoava sieniliina muoviton ymp\u00e4rist\u00f6yst\u00e4v\u00e4llinen sieniliina.<a href=\"https:\/\/eettinenluksus.fi\/shop\/en\/product\/mreco-sieni-iso-13x10cm-vihr\/\"><span style=\"font-size:0px;\">&#8211;<\/span><\/a><a href=\"https:\/\/eettinenluksus.fi\/shop\/tuotemerkit\/mreco-astianpesu\/\"><span style=\"font-size:0px;\">&#8211;<\/span><\/a><a href=\"https:\/\/eettinenluksus.fi\/shop\/en\/product\/mreco-all-nature-tuotepaketti\/\"><span style=\"font-size:0px;\">&#8211;<\/span><\/a><a href=\"https:\/\/eettinenluksus.fi\/shop\/tuote\/mreco-luffahankain-keittioon-12x8cm\/\"><span style=\"font-size:0px;\">&#8211;<\/span><\/a><a href=\"https:\/\/eettinenluksus.fi\/shop\/tuote\/mreco-lattialiina-bambu-puuvilla-50x50cm-l-valk\/\"><span style=\"font-size:0px;\">&#8211;<\/span><\/a><a href=\"https:\/\/eettinenluksus.fi\/shop\/tuotemerkit\/mreco\/\"><span style=\"font-size:0px;\">&#8211;<\/span><\/a><a href=\"https:\/\/eettinenluksus.fi\/shop\/tuote\/mreco-hankaussieni-2-puol-luffa-selluloosa-11x7cm\/\"><span style=\"font-size:0px;\">&#8211;<\/span><\/a><\/p>\n","protected":false},"excerpt":{"rendered":"<p>100% biohajoava, muoviton ja kierr\u00e4tett\u00e4v\u00e4<\/p>\n<p>Sieniliina kasvipohjaisesta materiaalista<\/p>\n<p>Todella imukykyinen, pitk\u00e4ik\u00e4inen ja kest\u00e4v\u00e4<\/p>\n","protected":false},"featured_media":4101,"template":"","meta":{"inline_featured_image":false},"product_brand":[],"product_cat":[33,35,49],"product_tag":[70,64,67,88],"class_list":{"0":"post-460","1":"product","2":"type-product","3":"status-publish","4":"has-post-thumbnail","6":"product_cat-mreco","7":"product_cat-mreco-siivous","8":"product_cat-siivous","9":"product_tag-ekologinen","10":"product_tag-mreco","11":"product_tag-sieniliina","12":"product_tag-siivous","14":"first","15":"instock","16":"taxable","17":"shipping-taxable","18":"purchasable","19":"product-type-simple"},"yoast_head":"<!-- This site is optimized with the Yoast SEO Premium plugin v26.8 (Yoast SEO v27.4) - https:\/\/yoast.com\/product\/yoast-seo-premium-wordpress\/ -->\n<title>MrEco Sieniliina 16x18cm 3kpl - Shop Eettinen Luksus<\/title>\n<meta name=\"description\" content=\"Ekologinen 100% biohajoava muoviton kierr\u00e4tett\u00e4v\u00e4 Puuvillakudos kasvipohjainen materiaali Imukykyinen pitk\u00e4ik\u00e4inen ja kest\u00e4v\u00e4 MrEco Sieniliina 16x18cm 3kpl\" \/>\n<meta name=\"robots\" content=\"index, follow, max-snippet:-1, max-image-preview:large, max-video-preview:-1\" \/>\n<link rel=\"canonical\" href=\"https:\/\/eettinenluksus.fi\/shop\/tuote\/mreco-sieniliina-16x18cm-3kpl\/\" \/>\n<meta property=\"og:locale\" content=\"fi_FI\" \/>\n<meta property=\"og:type\" content=\"article\" \/>\n<meta property=\"og:title\" content=\"MrEco Sieniliina 16x18cm 3kpl\" \/>\n<meta property=\"og:description\" content=\"Ekologinen 100% biohajoava muoviton kierr\u00e4tett\u00e4v\u00e4 Puuvillakudos kasvipohjainen materiaali Imukykyinen pitk\u00e4ik\u00e4inen ja kest\u00e4v\u00e4 MrEco Sieniliina 16x18cm 3kpl\" \/>\n<meta property=\"og:url\" content=\"https:\/\/eettinenluksus.fi\/shop\/tuote\/mreco-sieniliina-16x18cm-3kpl\/\" \/>\n<meta property=\"og:site_name\" content=\"Shop Eettinen Luksus\" \/>\n<meta property=\"article:publisher\" content=\"https:\/\/www.facebook.com\/eettinenluksus\" \/>\n<meta property=\"article:modified_time\" content=\"2024-09-20T10:40:11+00:00\" \/>\n<meta property=\"og:image\" content=\"https:\/\/eettinenluksus.fi\/shop\/wp-content\/uploads\/sites\/4\/1726\/27\/mr.-ECO-Siivousliina-nelio.jpg\" \/>\n\t<meta property=\"og:image:width\" content=\"1045\" \/>\n\t<meta property=\"og:image:height\" content=\"1045\" \/>\n\t<meta property=\"og:image:type\" content=\"image\/jpeg\" \/>\n<meta name=\"twitter:card\" content=\"summary_large_image\" \/>\n<meta name=\"twitter:label1\" content=\"Hinta\" \/>\n\t<meta name=\"twitter:data1\" content=\"4,10&nbsp;&euro;\" \/>\n\t<meta name=\"twitter:label2\" content=\"Saatavuus\" \/>\n\t<meta name=\"twitter:data2\" content=\"Varastossa\" \/>\n<script type=\"application\/ld+json\" class=\"yoast-schema-graph\">{\"@context\":\"https:\\\/\\\/schema.org\",\"@graph\":[{\"@type\":\"WebPage\",\"@id\":\"https:\\\/\\\/eettinenluksus.fi\\\/shop\\\/tuote\\\/mreco-sieniliina-16x18cm-3kpl\\\/\",\"url\":\"https:\\\/\\\/eettinenluksus.fi\\\/shop\\\/tuote\\\/mreco-sieniliina-16x18cm-3kpl\\\/\",\"name\":\"MrEco Sieniliina 16x18cm 3kpl - Shop Eettinen Luksus\",\"isPartOf\":{\"@id\":\"https:\\\/\\\/eettinenluksus.fi\\\/shop\\\/#website\"},\"primaryImageOfPage\":{\"@id\":\"https:\\\/\\\/eettinenluksus.fi\\\/shop\\\/tuote\\\/mreco-sieniliina-16x18cm-3kpl\\\/#primaryimage\"},\"image\":{\"@id\":\"https:\\\/\\\/eettinenluksus.fi\\\/shop\\\/tuote\\\/mreco-sieniliina-16x18cm-3kpl\\\/#primaryimage\"},\"thumbnailUrl\":\"https:\\\/\\\/eettinenluksus.fi\\\/shop\\\/wp-content\\\/uploads\\\/sites\\\/4\\\/1726\\\/27\\\/mr.-ECO-Siivousliina-nelio.jpg\",\"datePublished\":\"2022-10-06T08:28:26+00:00\",\"dateModified\":\"2024-09-20T10:40:11+00:00\",\"description\":\"Ekologinen 100% biohajoava muoviton kierr\u00e4tett\u00e4v\u00e4 Puuvillakudos kasvipohjainen materiaali Imukykyinen pitk\u00e4ik\u00e4inen ja kest\u00e4v\u00e4 MrEco Sieniliina 16x18cm 3kpl\",\"breadcrumb\":{\"@id\":\"https:\\\/\\\/eettinenluksus.fi\\\/shop\\\/tuote\\\/mreco-sieniliina-16x18cm-3kpl\\\/#breadcrumb\"},\"inLanguage\":\"fi\",\"potentialAction\":[{\"@type\":\"ReadAction\",\"target\":[\"https:\\\/\\\/eettinenluksus.fi\\\/shop\\\/tuote\\\/mreco-sieniliina-16x18cm-3kpl\\\/\"]}]},{\"@type\":\"ImageObject\",\"inLanguage\":\"fi\",\"@id\":\"https:\\\/\\\/eettinenluksus.fi\\\/shop\\\/tuote\\\/mreco-sieniliina-16x18cm-3kpl\\\/#primaryimage\",\"url\":\"https:\\\/\\\/eettinenluksus.fi\\\/shop\\\/wp-content\\\/uploads\\\/sites\\\/4\\\/1726\\\/27\\\/mr.-ECO-Siivousliina-nelio.jpg\",\"contentUrl\":\"https:\\\/\\\/eettinenluksus.fi\\\/shop\\\/wp-content\\\/uploads\\\/sites\\\/4\\\/1726\\\/27\\\/mr.-ECO-Siivousliina-nelio.jpg\",\"width\":1045,\"height\":1045,\"caption\":\"mrECO Sieniliina\"},{\"@type\":\"BreadcrumbList\",\"@id\":\"https:\\\/\\\/eettinenluksus.fi\\\/shop\\\/tuote\\\/mreco-sieniliina-16x18cm-3kpl\\\/#breadcrumb\",\"itemListElement\":[{\"@type\":\"ListItem\",\"position\":1,\"name\":\"Etusivu\",\"item\":\"https:\\\/\\\/eettinenluksus.fi\\\/shop\\\/\"},{\"@type\":\"ListItem\",\"position\":2,\"name\":\"Kauppa\",\"item\":\"https:\\\/\\\/eettinenluksus.fi\\\/shop\\\/en\\\/kauppa\\\/\"},{\"@type\":\"ListItem\",\"position\":3,\"name\":\"MrEco Sieniliina 16x18cm 3kpl\"}]},{\"@type\":\"WebSite\",\"@id\":\"https:\\\/\\\/eettinenluksus.fi\\\/shop\\\/#website\",\"url\":\"https:\\\/\\\/eettinenluksus.fi\\\/shop\\\/\",\"name\":\"Shop Eettinen Luksus\",\"description\":\"Uusi verkkokauppa\",\"publisher\":{\"@id\":\"https:\\\/\\\/eettinenluksus.fi\\\/shop\\\/#organization\"},\"potentialAction\":[{\"@type\":\"SearchAction\",\"target\":{\"@type\":\"EntryPoint\",\"urlTemplate\":\"https:\\\/\\\/eettinenluksus.fi\\\/shop\\\/?s={search_term_string}\"},\"query-input\":{\"@type\":\"PropertyValueSpecification\",\"valueRequired\":true,\"valueName\":\"search_term_string\"}}],\"inLanguage\":\"fi\"},{\"@type\":\"Organization\",\"@id\":\"https:\\\/\\\/eettinenluksus.fi\\\/shop\\\/#organization\",\"name\":\"Shop Eettinen Luksus\",\"url\":\"https:\\\/\\\/eettinenluksus.fi\\\/shop\\\/\",\"logo\":{\"@type\":\"ImageObject\",\"inLanguage\":\"fi\",\"@id\":\"https:\\\/\\\/eettinenluksus.fi\\\/shop\\\/#\\\/schema\\\/logo\\\/image\\\/\",\"url\":\"https:\\\/\\\/eettinenluksus.fi\\\/shop\\\/wp-content\\\/uploads\\\/sites\\\/4\\\/1664\\\/37\\\/cropped-ELO.jpg\",\"contentUrl\":\"https:\\\/\\\/eettinenluksus.fi\\\/shop\\\/wp-content\\\/uploads\\\/sites\\\/4\\\/1664\\\/37\\\/cropped-ELO.jpg\",\"width\":810,\"height\":350,\"caption\":\"Shop Eettinen Luksus\"},\"image\":{\"@id\":\"https:\\\/\\\/eettinenluksus.fi\\\/shop\\\/#\\\/schema\\\/logo\\\/image\\\/\"},\"sameAs\":[\"https:\\\/\\\/www.facebook.com\\\/eettinenluksus\",\"https:\\\/\\\/www.instagram.com\\\/eettinenluksus\\\/\"]}]}<\/script>\n<meta property=\"product:price:amount\" content=\"4.10\" \/>\n<meta property=\"product:price:currency\" content=\"EUR\" \/>\n<meta property=\"og:availability\" content=\"instock\" \/>\n<meta property=\"product:availability\" content=\"instock\" \/>\n<meta property=\"product:retailer_item_id\" content=\"7229MRE\" \/>\n<meta property=\"product:condition\" content=\"new\" \/>\n<!-- \/ Yoast SEO Premium plugin. -->","yoast_head_json":{"title":"MrEco Sieniliina 16x18cm 3kpl - Shop Eettinen Luksus","description":"Ekologinen 100% biohajoava muoviton kierr\u00e4tett\u00e4v\u00e4 Puuvillakudos kasvipohjainen materiaali Imukykyinen pitk\u00e4ik\u00e4inen ja kest\u00e4v\u00e4 MrEco Sieniliina 16x18cm 3kpl","robots":{"index":"index","follow":"follow","max-snippet":"max-snippet:-1","max-image-preview":"max-image-preview:large","max-video-preview":"max-video-preview:-1"},"canonical":"https:\/\/eettinenluksus.fi\/shop\/tuote\/mreco-sieniliina-16x18cm-3kpl\/","og_locale":"fi_FI","og_type":"article","og_title":"MrEco Sieniliina 16x18cm 3kpl","og_description":"Ekologinen 100% biohajoava muoviton kierr\u00e4tett\u00e4v\u00e4 Puuvillakudos kasvipohjainen materiaali Imukykyinen pitk\u00e4ik\u00e4inen ja kest\u00e4v\u00e4 MrEco Sieniliina 16x18cm 3kpl","og_url":"https:\/\/eettinenluksus.fi\/shop\/tuote\/mreco-sieniliina-16x18cm-3kpl\/","og_site_name":"Shop Eettinen Luksus","article_publisher":"https:\/\/www.facebook.com\/eettinenluksus","article_modified_time":"2024-09-20T10:40:11+00:00","og_image":[{"width":1045,"height":1045,"url":"https:\/\/eettinenluksus.fi\/shop\/wp-content\/uploads\/sites\/4\/1726\/27\/mr.-ECO-Siivousliina-nelio.jpg","type":"image\/jpeg"}],"twitter_card":"summary_large_image","twitter_misc":{"Hinta":"4,10&nbsp;&euro;","Saatavuus":"Varastossa"},"schema":{"@context":"https:\/\/schema.org","@graph":[{"@type":"WebPage","@id":"https:\/\/eettinenluksus.fi\/shop\/tuote\/mreco-sieniliina-16x18cm-3kpl\/","url":"https:\/\/eettinenluksus.fi\/shop\/tuote\/mreco-sieniliina-16x18cm-3kpl\/","name":"MrEco Sieniliina 16x18cm 3kpl - Shop Eettinen Luksus","isPartOf":{"@id":"https:\/\/eettinenluksus.fi\/shop\/#website"},"primaryImageOfPage":{"@id":"https:\/\/eettinenluksus.fi\/shop\/tuote\/mreco-sieniliina-16x18cm-3kpl\/#primaryimage"},"image":{"@id":"https:\/\/eettinenluksus.fi\/shop\/tuote\/mreco-sieniliina-16x18cm-3kpl\/#primaryimage"},"thumbnailUrl":"https:\/\/eettinenluksus.fi\/shop\/wp-content\/uploads\/sites\/4\/1726\/27\/mr.-ECO-Siivousliina-nelio.jpg","datePublished":"2022-10-06T08:28:26+00:00","dateModified":"2024-09-20T10:40:11+00:00","description":"Ekologinen 100% biohajoava muoviton kierr\u00e4tett\u00e4v\u00e4 Puuvillakudos kasvipohjainen materiaali Imukykyinen pitk\u00e4ik\u00e4inen ja kest\u00e4v\u00e4 MrEco Sieniliina 16x18cm 3kpl","breadcrumb":{"@id":"https:\/\/eettinenluksus.fi\/shop\/tuote\/mreco-sieniliina-16x18cm-3kpl\/#breadcrumb"},"inLanguage":"fi","potentialAction":[{"@type":"ReadAction","target":["https:\/\/eettinenluksus.fi\/shop\/tuote\/mreco-sieniliina-16x18cm-3kpl\/"]}]},{"@type":"ImageObject","inLanguage":"fi","@id":"https:\/\/eettinenluksus.fi\/shop\/tuote\/mreco-sieniliina-16x18cm-3kpl\/#primaryimage","url":"https:\/\/eettinenluksus.fi\/shop\/wp-content\/uploads\/sites\/4\/1726\/27\/mr.-ECO-Siivousliina-nelio.jpg","contentUrl":"https:\/\/eettinenluksus.fi\/shop\/wp-content\/uploads\/sites\/4\/1726\/27\/mr.-ECO-Siivousliina-nelio.jpg","width":1045,"height":1045,"caption":"mrECO Sieniliina"},{"@type":"BreadcrumbList","@id":"https:\/\/eettinenluksus.fi\/shop\/tuote\/mreco-sieniliina-16x18cm-3kpl\/#breadcrumb","itemListElement":[{"@type":"ListItem","position":1,"name":"Etusivu","item":"https:\/\/eettinenluksus.fi\/shop\/"},{"@type":"ListItem","position":2,"name":"Kauppa","item":"https:\/\/eettinenluksus.fi\/shop\/en\/kauppa\/"},{"@type":"ListItem","position":3,"name":"MrEco Sieniliina 16x18cm 3kpl"}]},{"@type":"WebSite","@id":"https:\/\/eettinenluksus.fi\/shop\/#website","url":"https:\/\/eettinenluksus.fi\/shop\/","name":"Shop Eettinen Luksus","description":"Uusi verkkokauppa","publisher":{"@id":"https:\/\/eettinenluksus.fi\/shop\/#organization"},"potentialAction":[{"@type":"SearchAction","target":{"@type":"EntryPoint","urlTemplate":"https:\/\/eettinenluksus.fi\/shop\/?s={search_term_string}"},"query-input":{"@type":"PropertyValueSpecification","valueRequired":true,"valueName":"search_term_string"}}],"inLanguage":"fi"},{"@type":"Organization","@id":"https:\/\/eettinenluksus.fi\/shop\/#organization","name":"Shop Eettinen Luksus","url":"https:\/\/eettinenluksus.fi\/shop\/","logo":{"@type":"ImageObject","inLanguage":"fi","@id":"https:\/\/eettinenluksus.fi\/shop\/#\/schema\/logo\/image\/","url":"https:\/\/eettinenluksus.fi\/shop\/wp-content\/uploads\/sites\/4\/1664\/37\/cropped-ELO.jpg","contentUrl":"https:\/\/eettinenluksus.fi\/shop\/wp-content\/uploads\/sites\/4\/1664\/37\/cropped-ELO.jpg","width":810,"height":350,"caption":"Shop Eettinen Luksus"},"image":{"@id":"https:\/\/eettinenluksus.fi\/shop\/#\/schema\/logo\/image\/"},"sameAs":["https:\/\/www.facebook.com\/eettinenluksus","https:\/\/www.instagram.com\/eettinenluksus\/"]}]},"product_price_amount":"4.10","product_price_currency":"EUR","og_availability":"instock","product_availability":"instock","product_retailer_item_id":"7229MRE","product_condition":"new"},"_links":{"self":[{"href":"https:\/\/eettinenluksus.fi\/shop\/wp-json\/wp\/v2\/product\/460","targetHints":{"allow":["GET"]}}],"collection":[{"href":"https:\/\/eettinenluksus.fi\/shop\/wp-json\/wp\/v2\/product"}],"about":[{"href":"https:\/\/eettinenluksus.fi\/shop\/wp-json\/wp\/v2\/types\/product"}],"version-history":[{"count":9,"href":"https:\/\/eettinenluksus.fi\/shop\/wp-json\/wp\/v2\/product\/460\/revisions"}],"predecessor-version":[{"id":2889,"href":"https:\/\/eettinenluksus.fi\/shop\/wp-json\/wp\/v2\/product\/460\/revisions\/2889"}],"wp:featuredmedia":[{"embeddable":true,"href":"https:\/\/eettinenluksus.fi\/shop\/wp-json\/wp\/v2\/media\/4101"}],"wp:attachment":[{"href":"https:\/\/eettinenluksus.fi\/shop\/wp-json\/wp\/v2\/media?parent=460"}],"wp:term":[{"taxonomy":"product_brand","embeddable":true,"href":"https:\/\/eettinenluksus.fi\/shop\/wp-json\/wp\/v2\/product_brand?post=460"},{"taxonomy":"product_cat","embeddable":true,"href":"https:\/\/eettinenluksus.fi\/shop\/wp-json\/wp\/v2\/product_cat?post=460"},{"taxonomy":"product_tag","embeddable":true,"href":"https:\/\/eettinenluksus.fi\/shop\/wp-json\/wp\/v2\/product_tag?post=460"}],"curies":[{"name":"wp","href":"https:\/\/api.w.org\/{rel}","templated":true}]}}