{"id":742,"date":"2022-10-21T09:25:26","date_gmt":"2022-10-21T06:25:26","guid":{"rendered":"https:\/\/eettinenluksus.fi\/shop2022\/?page_id=742"},"modified":"2024-09-11T15:56:00","modified_gmt":"2024-09-11T12:56:00","slug":"verkkokaupan-toimitusehdot","status":"publish","type":"page","link":"https:\/\/eettinenluksus.fi\/shop\/verkkokaupan-toimitusehdot\/","title":{"rendered":"Verkkokaupan toimitusehdot"},"content":{"rendered":"<p><b>TOIMITUSEHDOT<\/b><\/p>\r\n<p>Voimassa 1.9.2023 alkaen<\/p>\r\n<p><b>VERKKOKAUPPA<\/b><\/p>\r\n<p>Eettinen Luksus Oy (y-tunnus 2140278\u20139, Vilhonvuorenkatu 12, 00500 Helsinki, puh 029 000 9191, info(at)eettinenluksus.fi) myy tuotteita t\u00e4ysi-ik\u00e4isille yksityishenkil\u00f6ille Suomeen, Ruotsiin, Tanskaan, Viroon, Latviaan, Liettuaan, Alankomaihin ja Belgiaan. Tuotteiden hinnat sis\u00e4lt\u00e4v\u00e4t arvonlis\u00e4veron toimitettaessa EU-maihin. Pid\u00e4t\u00e4mme oikeuden hintojen ja toimituskulujen muutoksiin.<\/p>\r\n<p><b>TILAAMINEN<\/b><\/p>\r\n<p>Tuotteet tilataan verkkokaupan kotisivuilla siirt\u00e4m\u00e4ll\u00e4 ne ostoskoriin ja maksamalla ostoskorin sis\u00e4lt\u00f6 kassapalvelussa. Kaikki asiakastiedot k\u00e4sitell\u00e4\u00e4n luottamuksellisesti. Tilauksen yhteydess\u00e4 kysyttyj\u00e4 yhteystietoja ei k\u00e4ytet\u00e4 muuhun kuin tilauksen toimitukseen tai siin\u00e4 ilmenevien ep\u00e4selvyyksien selvitt\u00e4miseen, ellei erikseen toisin mainita. Asiakkaan tilatessa verkkokaupastamme h\u00e4nen edellytet\u00e4\u00e4n tutustuneen ja sitoutuneen kulloinkin voimassa oleviin toimitusehtoihin. Tekem\u00e4ll\u00e4 tilauksen asiakas hyv\u00e4ksyy henkil\u00f6tietojensa k\u00e4ytt\u00e4misen tietosuojaselosteemme mukaisesti.<\/p>\r\n<p><b>MAKSAMINEN JA MAKSUTAVAT<\/b><\/p>\r\n<p>Tuotteet ja niiden l\u00e4hetyskulut maksetaan tilauksen yhteydess\u00e4 VismaPay-maksupalvelussa.<\/p>\r\n<p><strong>Maksutavat<\/strong><\/p>\r\n<ol>\r\n<li>\r\n<ol>\r\n<li><strong>Luottokortti<\/strong><br \/>Visa, Visa Debit, Visa Electron, MasterCard, Debit MasterCard<\/li>\r\n<li><strong>Lompakkopalvelu<\/strong><br \/>Masterpass, MobilePay, PivoLompakkopalvelulla voi maksaa, mik\u00e4li sovelluksen asetuksissa maksaminen verkkokaupoissa on sallittu. Maksut veloitetaan lompakkopalveluun liitetylt\u00e4 maksukortilta. Mik\u00e4li maksun veloittaminen maksukortilta ep\u00e4onnistuu, lompakkopalvelulla maksaminen ei ole mahdollista verkkokaupassa. Katso lompakkopalveluiden tarkemmat k\u00e4ytt\u00f6ehdot palveluntarjoajan omilta Internet-sivuilta.<\/li>\r\n<li><strong>Verkkopankki<\/strong><br \/>Aktia, Danske Bank, Handelsbanken, Nordea, Oma S\u00e4\u00e4st\u00f6pankki, OP, POP-pankit, S\u00e4\u00e4st\u00f6pankki, S-Pankki, \u00c5landsbanken.<\/li>\r\n<\/ol>\r\n<\/li>\r\n<\/ol>\r\n<p><b>VismaPay -maksupalvelun yhteystiedot:<\/b><\/p>\r\n<p>VismaPay, Paybyway Oy (Y-tunnus 2486559-4)<br \/>Postiosoite: Brahenkatu 4, 53100 Lappeenranta<br \/>S\u00e4hk\u00f6posti: helpdesk@vismapay.com<br \/>Puhelin: 09 3154 2037 (arkisin klo 8-16)<\/p>\r\n<p><b>TILAUS- JA MAKSUVAHVISTUS<\/b><\/p>\r\n<p>Onnistuneen tilauksen j\u00e4lkeen asiakkaalle l\u00e4hetet\u00e4\u00e4n s\u00e4hk\u00f6postilla tilausvahvistus ostotapahtumasta.<\/p>\r\n<p><b>TOIMITUSTAVAT JA -KULUT<\/b><\/p>\r\n<p>Toimitamme p\u00e4\u00e4s\u00e4\u00e4nt\u00f6isesti tilaukset postipakettina. Matkapuhelinnumero on liitett\u00e4v\u00e4 tilaukseen, jotta saapumisilmoitus voidaan toimittaa tekstiviestin\u00e4 ja jotta kaikki OmaPosti-sovelluksen palvelut ovat sujuvasti k\u00e4ytett\u00e4viss\u00e4.<\/p>\r\n<p>Tilauksen toimituskulut ja valittavat palvelut ovat n\u00e4ht\u00e4viss\u00e4 tilauksen yhteenvetosivulla.<\/p>\r\n<p>Ilmainen toimitus Suomeen kaikkiin yli 50,00 euron tilauksiin. Ulkomaille 80,00 euroa.<\/p>\r\n<p><b>TOIMITUSAIKA<\/b><\/p>\r\n<p>L\u00e4het\u00e4mme tuotteet 1\u20133 p\u00e4iv\u00e4n sis\u00e4ll\u00e4 tilauksesta. Mahdollisista viiv\u00e4styksist\u00e4 tai puuttuvista tuotteista olemme yhteydess\u00e4 saman ajan kuluessa. Emme vastaa ylivoimaisen esteen aiheuttamista viiv\u00e4stymisist\u00e4 tai viiv\u00e4stysten aiheuttamista v\u00e4lillisist\u00e4 haitoista. Poikkeavista toimitusajoista tiedotetaan verkkokaupan etusivulla.<\/p>\r\n<p><b>TOIMITUKSET EU:N ULKOPUOLELLE<\/b><\/p>\r\n<p>Toimitettaessa EU:n ulkopuolelle l\u00e4hetyksiin saattaa kohdistua tullimaksuja tai muita paikallisia viranomaismaksuja, joista emme vastaa. Asiakkaan vastuulla on lis\u00e4ksi selvitt\u00e4\u00e4 mahdolliset, esimerkiksi henkil\u00f6kohtaisista tuontirajoista johtuvat, lis\u00e4maksut ja vastata niist\u00e4.<\/p>\r\n<p><b>PERUUTUSOIKEUS JA PALAUTUSEHDOT<\/b><\/p>\r\n<p>Asiakkaalla on kuluttajansuojalain mukainen oikeus peruuttaa tilauksensa 14 vuorokauden kuluessa tilauksen vastaanottamisesta.<\/p>\r\n<p>Peruutusilmoitukseen tulee merkit\u00e4 nimi, osoite, tilausp\u00e4iv\u00e4 ja tuote. Peruutusilmoituksen voi antaa joko l\u00e4hett\u00e4m\u00e4ll\u00e4 tiedot s\u00e4hk\u00f6postilla osoitteeseen info(at)eettinenluksus.fi tai l\u00e4hett\u00e4m\u00e4ll\u00e4 vastaavat tiedot yhteydenottolomakkeella osoitteessa eettinenluksus.fi.<\/p>\r\n<p>K\u00e4sitelty\u00e4mme peruutusilmoituksen asiakas saa ohjeet palautuksen tekemiseen. Tuote tulee palauttaa postitse 14 p\u00e4iv\u00e4n kuluessa peruutusilmoituksesta alkuper\u00e4iskunnossa ja alkuper\u00e4ispakkauksessa. Palautuskustannukset ovat asiakkaan vastuulla. Tuotepalautukseen on liitett\u00e4v\u00e4 kopio peruutusilmoituksesta. Mik\u00e4li tuotetta on k\u00e4ytetty, pid\u00e4t\u00e4mme oikeuden olla palauttamatta maksettua hintaa. Emme lunasta ilman sopimusta meille l\u00e4hetetty\u00e4 pakettia.<\/p>\r\n<p>Palautamme rahat kokonaisuudessaan alkuper\u00e4isell\u00e4 maksutavalla 14 p\u00e4iv\u00e4n kuluessa peruutusilmoituksen saapumisesta, mik\u00e4li tuote on palautettu.<\/p>\r\n<p><b>REKLAMAATIOT, KADONNEET JA VIALLISET PAKETIT<\/b><\/p>\r\n<p>Kaikki tilaukseen tai toimitukseen liittyv\u00e4t reklamaatiot pyyd\u00e4mme ilmoittamaan nelj\u00e4ntoista (14) vuorokauden kuluessa tilauksen vastaanottamisesta joko s\u00e4hk\u00f6postitse: info(at)eettinenluksus.fi tai puhelimitse 029 000 9191 (ma-pe 09:00 \u2013 15:00).<\/p>\r\n<p><a href=\"https:\/\/eettinenluksus.fi\">Eettinen Luksus Oy<\/a>:ll\u00e4 on kuluttajasuojalain mukainen virhevastuu myymist\u00e4\u00e4n tuotteista. Mik\u00e4li tuotteessa on virhe, tulee asiakkaan ilmoittaa asiasta heti virheen havaittuaan Eettinen Luksus Oy:lle.<\/p>\r\n<p>Mik\u00e4li tuote on kadonnut tai vioittunut kuljetuksen aikana tai se ei muuten vastaa tilaustasi, tulee sinun ilmoittaa virheest\u00e4 viimeist\u00e4\u00e4n 14 p\u00e4iv\u00e4n kuluessa kirjallisesti s\u00e4hk\u00f6postitse: info(at)eettinenluksus.fi tai puhelimitse 029 000 9191 (ma-pe 09:00 \u2013 15:00). Jos paketti on vioittunut Postissa, suosittelemme my\u00f6s tekem\u00e4\u00e4n v\u00e4litt\u00f6m\u00e4sti reklamaation Postille.<\/p>\r\n<p>Jos kauppasopimusta koskevaa erimielisyytt\u00e4 ei saada ratkaistuksi osapuolten v\u00e4lisill\u00e4 neuvotteluilla, kuluttaja voi saattaa asian kuluttajariitalautakunnan (www.kuluttajariita.fi) ratkaistavaksi. Ennen asian viemist\u00e4 kuluttajariitalautakunnan k\u00e4sittelyyn, kuluttajan tulee olla yhteydess\u00e4 maistraattien tarjoamaan kuluttajaneuvontaan (www.kuluttajaneuvonta.fi).<\/p>\r\n<p><b>LUNASTAMATON PAKETTI<\/b><\/p>\r\n<p>Lunastamatta j\u00e4tt\u00e4minen ei ole sama asia kuin palautus tai peruutus. Lunastamatta j\u00e4tetyst\u00e4 paketista, josta ei ole tehty erillist\u00e4 peruutusilmoitusta, perimme k\u00e4sittely- ja kuljetuskuluja enint\u00e4\u00e4n 25 euroa.<\/p>\r\n<p><b>SOVELLETTAVA LAINS\u00c4\u00c4D\u00c4NT\u00d6<\/b><\/p>\r\n<p>Verkkokaupassamme sovellamme <a href=\"https:\/\/www.finlex.fi\">Suomen lakia<\/a>.<\/p>\r\n\r\n<p>&nbsp;<\/p>\r\n","protected":false},"excerpt":{"rendered":"<p>TOIMITUSEHDOT Voimassa 1.9.2023 alkaen VERKKOKAUPPA Eettinen Luksus Oy (y-tunnus 2140278\u20139, Vilhonvuorenkatu 12, 00500 Helsinki, puh 029 000 9191, info(at)eettinenluksus.fi) myy tuotteita t\u00e4ysi-ik\u00e4isille yksityishenkil\u00f6ille Suomeen, Ruotsiin, Tanskaan, Viroon, Latviaan, Liettuaan, Alankomaihin ja Belgiaan. Tuotteiden hinnat sis\u00e4lt\u00e4v\u00e4t arvonlis\u00e4veron toimitettaessa EU-maihin. Pid\u00e4t\u00e4mme oikeuden hintojen ja toimituskulujen muutoksiin. TILAAMINEN Tuotteet tilataan verkkokaupan kotisivuilla siirt\u00e4m\u00e4ll\u00e4 ne ostoskoriin ja maksamalla ostoskorin [&hellip;]<\/p>\n","protected":false},"author":2,"featured_media":0,"parent":0,"menu_order":0,"comment_status":"closed","ping_status":"closed","template":"elementor_theme","meta":{"inline_featured_image":false,"footnotes":""},"class_list":["post-742","page","type-page","status-publish","hentry"],"yoast_head":"<!-- This site is optimized with the Yoast SEO Premium plugin v26.8 (Yoast SEO v27.3) - https:\/\/yoast.com\/product\/yoast-seo-premium-wordpress\/ -->\n<title>Verkkokaupan toimitusehdot - Shop Eettinen Luksus<\/title>\n<meta name=\"description\" content=\"Eettinen Luksus Oy verkkokaupan toimitusehdot. Toimitamme tilaukset postipakettina Suomeen,\u00a0Ruotsiin, Tanskaan, Viroon, Latviaan, Liettuaan.\" \/>\n<meta name=\"robots\" content=\"index, follow, max-snippet:-1, max-image-preview:large, max-video-preview:-1\" \/>\n<link rel=\"canonical\" href=\"https:\/\/eettinenluksus.fi\/shop\/verkkokaupan-toimitusehdot\/\" \/>\n<meta property=\"og:locale\" content=\"fi_FI\" \/>\n<meta property=\"og:type\" content=\"article\" \/>\n<meta property=\"og:title\" content=\"Verkkokaupan toimitusehdot\" \/>\n<meta property=\"og:description\" content=\"Eettinen Luksus Oy verkkokaupan toimitusehdot. Toimitamme tilaukset postipakettina Suomeen,\u00a0Ruotsiin, Tanskaan, Viroon, Latviaan, Liettuaan.\" \/>\n<meta property=\"og:url\" content=\"https:\/\/eettinenluksus.fi\/shop\/verkkokaupan-toimitusehdot\/\" \/>\n<meta property=\"og:site_name\" content=\"Shop Eettinen Luksus\" \/>\n<meta property=\"article:publisher\" content=\"https:\/\/www.facebook.com\/eettinenluksus\" \/>\n<meta property=\"article:modified_time\" content=\"2024-09-11T12:56:00+00:00\" \/>\n<meta name=\"twitter:card\" content=\"summary_large_image\" \/>\n<meta name=\"twitter:label1\" content=\"Arvioitu lukuaika\" \/>\n\t<meta name=\"twitter:data1\" content=\"4 minuuttia\" \/>\n<script type=\"application\/ld+json\" class=\"yoast-schema-graph\">{\"@context\":\"https:\\\/\\\/schema.org\",\"@graph\":[{\"@type\":\"WebPage\",\"@id\":\"https:\\\/\\\/eettinenluksus.fi\\\/shop\\\/verkkokaupan-toimitusehdot\\\/\",\"url\":\"https:\\\/\\\/eettinenluksus.fi\\\/shop\\\/verkkokaupan-toimitusehdot\\\/\",\"name\":\"Verkkokaupan toimitusehdot - Shop Eettinen Luksus\",\"isPartOf\":{\"@id\":\"https:\\\/\\\/eettinenluksus.fi\\\/shop\\\/#website\"},\"datePublished\":\"2022-10-21T06:25:26+00:00\",\"dateModified\":\"2024-09-11T12:56:00+00:00\",\"description\":\"Eettinen Luksus Oy verkkokaupan toimitusehdot. Toimitamme tilaukset postipakettina Suomeen,\u00a0Ruotsiin, Tanskaan, Viroon, Latviaan, Liettuaan.\",\"breadcrumb\":{\"@id\":\"https:\\\/\\\/eettinenluksus.fi\\\/shop\\\/verkkokaupan-toimitusehdot\\\/#breadcrumb\"},\"inLanguage\":\"fi\",\"potentialAction\":[{\"@type\":\"ReadAction\",\"target\":[\"https:\\\/\\\/eettinenluksus.fi\\\/shop\\\/verkkokaupan-toimitusehdot\\\/\"]}]},{\"@type\":\"BreadcrumbList\",\"@id\":\"https:\\\/\\\/eettinenluksus.fi\\\/shop\\\/verkkokaupan-toimitusehdot\\\/#breadcrumb\",\"itemListElement\":[{\"@type\":\"ListItem\",\"position\":1,\"name\":\"Etusivu\",\"item\":\"https:\\\/\\\/eettinenluksus.fi\\\/shop\\\/\"},{\"@type\":\"ListItem\",\"position\":2,\"name\":\"Verkkokaupan toimitusehdot\"}]},{\"@type\":\"WebSite\",\"@id\":\"https:\\\/\\\/eettinenluksus.fi\\\/shop\\\/#website\",\"url\":\"https:\\\/\\\/eettinenluksus.fi\\\/shop\\\/\",\"name\":\"Shop Eettinen Luksus\",\"description\":\"Uusi verkkokauppa\",\"publisher\":{\"@id\":\"https:\\\/\\\/eettinenluksus.fi\\\/shop\\\/#organization\"},\"potentialAction\":[{\"@type\":\"SearchAction\",\"target\":{\"@type\":\"EntryPoint\",\"urlTemplate\":\"https:\\\/\\\/eettinenluksus.fi\\\/shop\\\/?s={search_term_string}\"},\"query-input\":{\"@type\":\"PropertyValueSpecification\",\"valueRequired\":true,\"valueName\":\"search_term_string\"}}],\"inLanguage\":\"fi\"},{\"@type\":\"Organization\",\"@id\":\"https:\\\/\\\/eettinenluksus.fi\\\/shop\\\/#organization\",\"name\":\"Shop Eettinen Luksus\",\"url\":\"https:\\\/\\\/eettinenluksus.fi\\\/shop\\\/\",\"logo\":{\"@type\":\"ImageObject\",\"inLanguage\":\"fi\",\"@id\":\"https:\\\/\\\/eettinenluksus.fi\\\/shop\\\/#\\\/schema\\\/logo\\\/image\\\/\",\"url\":\"https:\\\/\\\/eettinenluksus.fi\\\/shop\\\/wp-content\\\/uploads\\\/sites\\\/4\\\/1664\\\/37\\\/cropped-ELO.jpg\",\"contentUrl\":\"https:\\\/\\\/eettinenluksus.fi\\\/shop\\\/wp-content\\\/uploads\\\/sites\\\/4\\\/1664\\\/37\\\/cropped-ELO.jpg\",\"width\":810,\"height\":350,\"caption\":\"Shop Eettinen Luksus\"},\"image\":{\"@id\":\"https:\\\/\\\/eettinenluksus.fi\\\/shop\\\/#\\\/schema\\\/logo\\\/image\\\/\"},\"sameAs\":[\"https:\\\/\\\/www.facebook.com\\\/eettinenluksus\",\"https:\\\/\\\/www.instagram.com\\\/eettinenluksus\\\/\"]}]}<\/script>\n<!-- \/ Yoast SEO Premium plugin. -->","yoast_head_json":{"title":"Verkkokaupan toimitusehdot - Shop Eettinen Luksus","description":"Eettinen Luksus Oy verkkokaupan toimitusehdot. Toimitamme tilaukset postipakettina Suomeen,\u00a0Ruotsiin, Tanskaan, Viroon, Latviaan, Liettuaan.","robots":{"index":"index","follow":"follow","max-snippet":"max-snippet:-1","max-image-preview":"max-image-preview:large","max-video-preview":"max-video-preview:-1"},"canonical":"https:\/\/eettinenluksus.fi\/shop\/verkkokaupan-toimitusehdot\/","og_locale":"fi_FI","og_type":"article","og_title":"Verkkokaupan toimitusehdot","og_description":"Eettinen Luksus Oy verkkokaupan toimitusehdot. Toimitamme tilaukset postipakettina Suomeen,\u00a0Ruotsiin, Tanskaan, Viroon, Latviaan, Liettuaan.","og_url":"https:\/\/eettinenluksus.fi\/shop\/verkkokaupan-toimitusehdot\/","og_site_name":"Shop Eettinen Luksus","article_publisher":"https:\/\/www.facebook.com\/eettinenluksus","article_modified_time":"2024-09-11T12:56:00+00:00","twitter_card":"summary_large_image","twitter_misc":{"Arvioitu lukuaika":"4 minuuttia"},"schema":{"@context":"https:\/\/schema.org","@graph":[{"@type":"WebPage","@id":"https:\/\/eettinenluksus.fi\/shop\/verkkokaupan-toimitusehdot\/","url":"https:\/\/eettinenluksus.fi\/shop\/verkkokaupan-toimitusehdot\/","name":"Verkkokaupan toimitusehdot - Shop Eettinen Luksus","isPartOf":{"@id":"https:\/\/eettinenluksus.fi\/shop\/#website"},"datePublished":"2022-10-21T06:25:26+00:00","dateModified":"2024-09-11T12:56:00+00:00","description":"Eettinen Luksus Oy verkkokaupan toimitusehdot. Toimitamme tilaukset postipakettina Suomeen,\u00a0Ruotsiin, Tanskaan, Viroon, Latviaan, Liettuaan.","breadcrumb":{"@id":"https:\/\/eettinenluksus.fi\/shop\/verkkokaupan-toimitusehdot\/#breadcrumb"},"inLanguage":"fi","potentialAction":[{"@type":"ReadAction","target":["https:\/\/eettinenluksus.fi\/shop\/verkkokaupan-toimitusehdot\/"]}]},{"@type":"BreadcrumbList","@id":"https:\/\/eettinenluksus.fi\/shop\/verkkokaupan-toimitusehdot\/#breadcrumb","itemListElement":[{"@type":"ListItem","position":1,"name":"Etusivu","item":"https:\/\/eettinenluksus.fi\/shop\/"},{"@type":"ListItem","position":2,"name":"Verkkokaupan toimitusehdot"}]},{"@type":"WebSite","@id":"https:\/\/eettinenluksus.fi\/shop\/#website","url":"https:\/\/eettinenluksus.fi\/shop\/","name":"Shop Eettinen Luksus","description":"Uusi verkkokauppa","publisher":{"@id":"https:\/\/eettinenluksus.fi\/shop\/#organization"},"potentialAction":[{"@type":"SearchAction","target":{"@type":"EntryPoint","urlTemplate":"https:\/\/eettinenluksus.fi\/shop\/?s={search_term_string}"},"query-input":{"@type":"PropertyValueSpecification","valueRequired":true,"valueName":"search_term_string"}}],"inLanguage":"fi"},{"@type":"Organization","@id":"https:\/\/eettinenluksus.fi\/shop\/#organization","name":"Shop Eettinen Luksus","url":"https:\/\/eettinenluksus.fi\/shop\/","logo":{"@type":"ImageObject","inLanguage":"fi","@id":"https:\/\/eettinenluksus.fi\/shop\/#\/schema\/logo\/image\/","url":"https:\/\/eettinenluksus.fi\/shop\/wp-content\/uploads\/sites\/4\/1664\/37\/cropped-ELO.jpg","contentUrl":"https:\/\/eettinenluksus.fi\/shop\/wp-content\/uploads\/sites\/4\/1664\/37\/cropped-ELO.jpg","width":810,"height":350,"caption":"Shop Eettinen Luksus"},"image":{"@id":"https:\/\/eettinenluksus.fi\/shop\/#\/schema\/logo\/image\/"},"sameAs":["https:\/\/www.facebook.com\/eettinenluksus","https:\/\/www.instagram.com\/eettinenluksus\/"]}]}},"_links":{"self":[{"href":"https:\/\/eettinenluksus.fi\/shop\/wp-json\/wp\/v2\/pages\/742","targetHints":{"allow":["GET"]}}],"collection":[{"href":"https:\/\/eettinenluksus.fi\/shop\/wp-json\/wp\/v2\/pages"}],"about":[{"href":"https:\/\/eettinenluksus.fi\/shop\/wp-json\/wp\/v2\/types\/page"}],"author":[{"embeddable":true,"href":"https:\/\/eettinenluksus.fi\/shop\/wp-json\/wp\/v2\/users\/2"}],"replies":[{"embeddable":true,"href":"https:\/\/eettinenluksus.fi\/shop\/wp-json\/wp\/v2\/comments?post=742"}],"version-history":[{"count":9,"href":"https:\/\/eettinenluksus.fi\/shop\/wp-json\/wp\/v2\/pages\/742\/revisions"}],"predecessor-version":[{"id":3565,"href":"https:\/\/eettinenluksus.fi\/shop\/wp-json\/wp\/v2\/pages\/742\/revisions\/3565"}],"wp:attachment":[{"href":"https:\/\/eettinenluksus.fi\/shop\/wp-json\/wp\/v2\/media?parent=742"}],"curies":[{"name":"wp","href":"https:\/\/api.w.org\/{rel}","templated":true}]}}